{"id":1059,"date":"2024-02-01T14:48:18","date_gmt":"2024-02-01T14:48:18","guid":{"rendered":"https:\/\/blsgruppe.com\/?page_id=1059"},"modified":"2024-02-01T15:13:13","modified_gmt":"2024-02-01T15:13:13","slug":"reis","status":"publish","type":"page","link":"https:\/\/blsgruppe.com\/?page_id=1059","title":{"rendered":"Reis"},"content":{"rendered":"\n<h1 class=\"wp-block-heading\">Reisgro\u00dfhandel<\/h1>\n\n\n\n<p>Willkommen bei der Dissenting GmbH, Ihrem globalen Partner f\u00fcr hochwertigen Reishandel!<\/p>\n\n\n\n<figure class=\"wp-block-image\"><img decoding=\"async\" src=\"https:\/\/blsgruppe.de\/wp-content\/uploads\/2023\/08\/reiss_grosshandel-2-1024x601.jpg\" alt=\"\" class=\"wp-image-2914\"\/><\/figure>\n\n\n\n<p>Als internationales Beschaffungsunternehmen haben wir uns unter anderem darauf spezialisiert, hochwertigen Reis f\u00fcr die unterschiedlichsten Bed\u00fcrfnisse zu beschaffen und zu vertreiben. Unser Engagement f\u00fcr Qualit\u00e4t, Zuverl\u00e4ssigkeit und Kundenzufriedenheit hat uns zu einem vertrauensw\u00fcrdigen Partner gemacht.<\/p>\n\n\n\n<figure class=\"wp-block-image\"><img decoding=\"async\" src=\"https:\/\/blsgruppe.de\/wp-content\/uploads\/2023\/08\/reiss_wholetrading-1024x542.jpg\" alt=\"\" class=\"wp-image-2915\"\/><\/figure>\n\n\n\n<p>Mit einem professionellen Team von Experten, das die Feinheiten des Reishandels versteht, \u00fcberwachen wir jeden Schritt des Beschaffungsprozesses.<\/p>\n\n\n\n<p>Unsere Partnerschaften erstrecken sich \u00fcber Kontinente und L\u00e4ndergrenzen hinweg, wodurch wir in der Lage sind, Ihnen einen stetigen und zuverl\u00e4ssigen Reisfluss zu garantieren.<\/p>\n\n\n\n<p>Gerne besprechen wir Ihre individuellen Anforderungen.<\/p>\n\n\n\n<p><strong><a href=\"https:\/\/blsgruppe.de\/kontakt\/\">Kontakt<\/a><\/strong><\/p>\n\n\n\n<hr class=\"wp-block-separator has-alpha-channel-opacity\"\/>\n\n\n\n<p>Derzeit k\u00f6nnen wir Ihnen Reis in verschiedenen Verpackungen (Private Label m\u00f6glich), folgender Qualit\u00e4ten liefern:<\/p>\n\n\n\n<figure class=\"wp-block-image\"><img decoding=\"async\" src=\"https:\/\/blsgruppe.de\/wp-content\/uploads\/2022\/10\/reis_angebot_dissenting-1.jpg\" alt=\"\" class=\"wp-image-972\"\/><\/figure>\n\n\n\n<p>Gerne sind wir f\u00fcr Ihre Fragen erreichbar: <strong><a href=\"https:\/\/blsgruppe.de\/kontakt\/\">KONTAKT<\/a><\/strong><\/p>\n\n\n\n<hr class=\"wp-block-separator has-alpha-channel-opacity\"\/>\n\n\n\n<p>Welcome to your global partner in high-quality rice trading!<\/p>\n\n\n\n<p>We are delighted to welcome you to our website, your gateway to premium rice from around the world. As an international procurement company, we specialize in sourcing and distributing high-quality rice for a variety of needs. Our commitment to quality, reliability, and customer satisfaction has made us a trusted partner.<\/p>\n\n\n\n<p>With a passionate team of experts who understand the intricacies of rice trading, we oversee every step of the procurement process to ensure that only the finest quality reaches our customers. We offer a wide range of rice varieties that meet the highest standards.<\/p>\n\n\n\n<p>Our partnerships span continents, allowing us to guarantee a steady and reliable flow of rice to you. We understand that our customers\u2018 needs are diverse, whether in the retail food sector, food processing, or hospitality industry. Therefore, we provide tailored solutions that seamlessly integrate into your business operations.<\/p>\n\n\n\n<p>Get in touch with us to discuss your specific requirements.<\/p>\n\n\n\n<hr class=\"wp-block-separator has-alpha-channel-opacity\"\/>\n\n\n\n<p>Bienvenidos a su socio global en el comercio de arroz de alta calidad!<\/p>\n\n\n\n<p>Nos complace darles la bienvenida a nuestro sitio web, su puerta de entrada al arroz de primera calidad de todo el mundo. Como empresa internacional de adquisiciones, nos especializamos en la obtenci\u00f3n y distribuci\u00f3n de arroz de alta calidad para una variedad de necesidades. Nuestro compromiso con la calidad, la confiabilidad y la satisfacci\u00f3n del cliente nos ha convertido en un socio de confianza.<\/p>\n\n\n\n<p>Con un equipo apasionado de expertos que comprenden las complejidades del comercio de arroz, supervisamos cada paso del proceso de adquisici\u00f3n para garantizar que solo la mejor calidad llegue a nuestros clientes. Ofrecemos una amplia gama de variedades de arroz que cumplen con los m\u00e1s altos est\u00e1ndares.<\/p>\n\n\n\n<p>Nuestras asociaciones abarcan continentes, lo que nos permite garantizar un flujo constante y confiable de arroz para usted. Entendemos que las necesidades de nuestros clientes son diversas, ya sea en el sector minorista de alimentos, el procesamiento de alimentos o la industria de la hospitalidad. Por lo tanto, proporcionamos soluciones personalizadas que se integran perfectamente en sus operaciones comerciales.<\/p>\n\n\n\n<p>P\u00f3ngase en contacto con nosotros para discutir sus requisitos espec\u00edficos.<\/p>\n\n\n\n<hr class=\"wp-block-separator has-alpha-channel-opacity\"\/>\n\n\n\n<p>Bienvenue chez votre partenaire mondial dans le commerce du riz de haute qualit\u00e9 !<\/p>\n\n\n\n<p>Nous sommes ravis de vous accueillir sur notre site web, votre porte d\u2019entr\u00e9e vers le riz de premi\u00e8re qualit\u00e9 provenant du monde entier. En tant qu\u2019entreprise internationale d\u2019approvisionnement, nous nous sp\u00e9cialisons dans la recherche et la distribution de riz de haute qualit\u00e9 pour divers besoins. Notre engagement envers la qualit\u00e9, la fiabilit\u00e9 et la satisfaction de la client\u00e8le a fait de nous un partenaire de confiance.<\/p>\n\n\n\n<p>Avec une \u00e9quipe passionn\u00e9e d\u2019experts qui comprennent les subtilit\u00e9s du commerce du riz, nous supervisons chaque \u00e9tape du processus d\u2019approvisionnement pour nous assurer que seule la meilleure qualit\u00e9 parvienne \u00e0 nos clients. Nous proposons une large gamme de vari\u00e9t\u00e9s de riz r\u00e9pondant aux normes les plus \u00e9lev\u00e9es.<\/p>\n\n\n\n<p>Nos partenariats s\u2019\u00e9tendent sur plusieurs continents, ce qui nous permet de garantir un flux constant et fiable de riz pour vous. Nous comprenons que les besoins de nos clients sont diversifi\u00e9s, que ce soit dans le secteur de la vente au d\u00e9tail alimentaire, la transformation des aliments ou l\u2019industrie de l\u2019h\u00f4tellerie. C\u2019est pourquoi nous offrons des solutions sur mesure qui s\u2019int\u00e8grent parfaitement dans vos op\u00e9rations commerciales.<\/p>\n\n\n\n<p>Contactez-nous pour discuter de vos besoins sp\u00e9cifiques.<\/p>\n\n\n\n<hr class=\"wp-block-separator has-alpha-channel-opacity\"\/>\n\n\n\n<p>\u0414\u043e\u0431\u0440\u043e \u043f\u043e\u0436\u0430\u043b\u043e\u0432\u0430\u0442\u044c \u043a \u0432\u0430\u0448\u0435\u043c\u0443 \u0433\u043b\u043e\u0431\u0430\u043b\u044c\u043d\u043e\u043c\u0443 \u043f\u0430\u0440\u0442\u043d\u0435\u0440\u0443 \u0432 \u0442\u043e\u0440\u0433\u043e\u0432\u043b\u0435 \u0432\u044b\u0441\u043e\u043a\u043e\u043a\u0430\u0447\u0435\u0441\u0442\u0432\u0435\u043d\u043d\u044b\u043c \u0440\u0438\u0441\u043e\u043c!<\/p>\n\n\n\n<p>\u041c\u044b \u0440\u0430\u0434\u044b \u043f\u0440\u0438\u0432\u0435\u0442\u0441\u0442\u0432\u043e\u0432\u0430\u0442\u044c \u0432\u0430\u0441 \u043d\u0430 \u043d\u0430\u0448\u0435\u043c \u0432\u0435\u0431-\u0441\u0430\u0439\u0442\u0435, \u0432\u0430\u0448\u0435\u043c\u0443 \u0438\u0441\u0442\u043e\u0447\u043d\u0438\u043a\u0443 \u043f\u0440\u0435\u043c\u0438\u0430\u043b\u044c\u043d\u043e\u0433\u043e \u0440\u0438\u0441\u0430 \u0441\u043e \u0432\u0441\u0435\u0433\u043e \u043c\u0438\u0440\u0430. \u041a\u0430\u043a \u043c\u0435\u0436\u0434\u0443\u043d\u0430\u0440\u043e\u0434\u043d\u0430\u044f \u043a\u043e\u043c\u043f\u0430\u043d\u0438\u044f \u043f\u043e \u0441\u043d\u0430\u0431\u0436\u0435\u043d\u0438\u044e, \u043c\u044b \u0441\u043f\u0435\u0446\u0438\u0430\u043b\u0438\u0437\u0438\u0440\u0443\u0435\u043c\u0441\u044f \u0432 \u043f\u043e\u0438\u0441\u043a\u0435 \u0438 \u0440\u0430\u0441\u043f\u0440\u0435\u0434\u0435\u043b\u0435\u043d\u0438\u0438 \u0432\u044b\u0441\u043e\u043a\u043e\u043a\u0430\u0447\u0435\u0441\u0442\u0432\u0435\u043d\u043d\u043e\u0433\u043e \u0440\u0438\u0441\u0430 \u0434\u043b\u044f \u0440\u0430\u0437\u043b\u0438\u0447\u043d\u044b\u0445 \u043f\u043e\u0442\u0440\u0435\u0431\u043d\u043e\u0441\u0442\u0435\u0439. \u041d\u0430\u0448\u0435 \u043e\u0431\u044f\u0437\u0430\u0442\u0435\u043b\u044c\u0441\u0442\u0432\u043e \u043f\u0435\u0440\u0435\u0434 \u043a\u0430\u0447\u0435\u0441\u0442\u0432\u043e\u043c, \u043d\u0430\u0434\u0435\u0436\u043d\u043e\u0441\u0442\u044c\u044e \u0438 \u0443\u0434\u043e\u0432\u043b\u0435\u0442\u0432\u043e\u0440\u0435\u043d\u043d\u043e\u0441\u0442\u044c\u044e \u043a\u043b\u0438\u0435\u043d\u0442\u043e\u0432 \u0441\u0434\u0435\u043b\u0430\u043b\u043e \u043d\u0430\u0441 \u043d\u0430\u0434\u0435\u0436\u043d\u044b\u043c \u043f\u0430\u0440\u0442\u043d\u0435\u0440\u043e\u043c.<\/p>\n\n\n\n<p>\u0421 \u043d\u0430\u0448\u0435\u0439 \u0441\u0442\u0440\u0430\u0441\u0442\u043d\u043e\u0439 \u043a\u043e\u043c\u0430\u043d\u0434\u043e\u0439 \u044d\u043a\u0441\u043f\u0435\u0440\u0442\u043e\u0432, \u043a\u043e\u0442\u043e\u0440\u044b\u0435 \u043f\u043e\u043d\u0438\u043c\u0430\u044e\u0442 \u0442\u043e\u043d\u043a\u043e\u0441\u0442\u0438 \u0442\u043e\u0440\u0433\u043e\u0432\u043b\u0438 \u0440\u0438\u0441\u043e\u043c, \u043c\u044b \u043a\u043e\u043d\u0442\u0440\u043e\u043b\u0438\u0440\u0443\u0435\u043c \u043a\u0430\u0436\u0434\u044b\u0439 \u044d\u0442\u0430\u043f \u043f\u0440\u043e\u0446\u0435\u0441\u0441\u0430 \u0441\u043d\u0430\u0431\u0436\u0435\u043d\u0438\u044f, \u0447\u0442\u043e\u0431\u044b \u0433\u0430\u0440\u0430\u043d\u0442\u0438\u0440\u043e\u0432\u0430\u0442\u044c, \u0447\u0442\u043e \u0442\u043e\u043b\u044c\u043a\u043e \u043b\u0443\u0447\u0448\u0435\u0435 \u043a\u0430\u0447\u0435\u0441\u0442\u0432\u043e \u0434\u043e\u0441\u0442\u0438\u0433\u0430\u0435\u0442 \u043d\u0430\u0448\u0438\u0445 \u043a\u043b\u0438\u0435\u043d\u0442\u043e\u0432. \u041c\u044b \u043f\u0440\u0435\u0434\u043b\u0430\u0433\u0430\u0435\u043c \u0448\u0438\u0440\u043e\u043a\u0438\u0439 \u0441\u043f\u0435\u043a\u0442\u0440 \u0441\u043e\u0440\u0442\u043e\u0432 \u0440\u0438\u0441\u0430, \u043a\u043e\u0442\u043e\u0440\u044b\u0435 \u0441\u043e\u043e\u0442\u0432\u0435\u0442\u0441\u0442\u0432\u0443\u044e\u0442 \u0432\u044b\u0441\u043e\u0447\u0430\u0439\u0448\u0438\u043c \u0441\u0442\u0430\u043d\u0434\u0430\u0440\u0442\u0430\u043c.<\/p>\n\n\n\n<p>\u041d\u0430\u0448\u0438 \u043f\u0430\u0440\u0442\u043d\u0435\u0440\u0441\u0442\u0432\u0430 \u043e\u0445\u0432\u0430\u0442\u044b\u0432\u0430\u044e\u0442 \u043a\u043e\u043d\u0442\u0438\u043d\u0435\u043d\u0442\u044b, \u0447\u0442\u043e \u043f\u043e\u0437\u0432\u043e\u043b\u044f\u0435\u0442 \u043d\u0430\u043c \u0433\u0430\u0440\u0430\u043d\u0442\u0438\u0440\u043e\u0432\u0430\u0442\u044c \u043f\u043e\u0441\u0442\u043e\u044f\u043d\u043d\u043e\u0435 \u0438 \u043d\u0430\u0434\u0435\u0436\u043d\u043e\u0435 \u043f\u043e\u0441\u0442\u0443\u043f\u043b\u0435\u043d\u0438\u0435 \u0440\u0438\u0441\u0430 \u043a \u0432\u0430\u043c. \u041c\u044b \u043f\u043e\u043d\u0438\u043c\u0430\u0435\u043c, \u0447\u0442\u043e \u043f\u043e\u0442\u0440\u0435\u0431\u043d\u043e\u0441\u0442\u0438 \u043d\u0430\u0448\u0438\u0445 \u043a\u043b\u0438\u0435\u043d\u0442\u043e\u0432 \u0440\u0430\u0437\u043d\u043e\u043e\u0431\u0440\u0430\u0437\u043d\u044b, \u0431\u0443\u0434\u044c \u0442\u043e \u0432 \u0441\u0444\u0435\u0440\u0435 \u0440\u043e\u0437\u043d\u0438\u0447\u043d\u043e\u0439 \u043f\u0440\u043e\u0434\u0430\u0436\u0438 \u043f\u0440\u043e\u0434\u0443\u043a\u0442\u043e\u0432 \u043f\u0438\u0442\u0430\u043d\u0438\u044f, \u043e\u0431\u0440\u0430\u0431\u043e\u0442\u043a\u0435 \u043f\u0438\u0449\u0435\u0432\u044b\u0445 \u043f\u0440\u043e\u0434\u0443\u043a\u0442\u043e\u0432 \u0438\u043b\u0438 \u0433\u043e\u0441\u0442\u0438\u043d\u0438\u0447\u043d\u043e\u0439 \u0438\u043d\u0434\u0443\u0441\u0442\u0440\u0438\u0438. \u041f\u043e\u044d\u0442\u043e\u043c\u0443 \u043c\u044b \u043f\u0440\u0435\u0434\u043e\u0441\u0442\u0430\u0432\u043b\u044f\u0435\u043c \u0438\u043d\u0434\u0438\u0432\u0438\u0434\u0443\u0430\u043b\u044c\u043d\u044b\u0435 \u0440\u0435\u0448\u0435\u043d\u0438\u044f, \u043a\u043e\u0442\u043e\u0440\u044b\u0435 \u0433\u0430\u0440\u043c\u043e\u043d\u0438\u0447\u043d\u043e \u0438\u043d\u0442\u0435\u0433\u0440\u0438\u0440\u0443\u044e\u0442\u0441\u044f \u0432 \u0432\u0430\u0448 \u0431\u0438\u0437\u043d\u0435\u0441.<\/p>\n\n\n\n<p>\u0421\u0432\u044f\u0436\u0438\u0442\u0435\u0441\u044c \u0441 \u043d\u0430\u043c\u0438, \u0447\u0442\u043e\u0431\u044b \u043e\u0431\u0441\u0443\u0434\u0438\u0442\u044c \u0432\u0430\u0448\u0438 \u043a\u043e\u043d\u043a\u0440\u0435\u0442\u043d\u044b\u0435 \u043f\u043e\u0442\u0440\u0435\u0431\u043d\u043e\u0441\u0442\u0438.<\/p>\n\n\n\n<hr class=\"wp-block-separator has-alpha-channel-opacity\"\/>\n\n\n\n<p>\u0645\u0631\u062d\u0628\u064b\u0627 \u0628\u0643\u0645 \u0641\u064a \u0634\u0631\u064a\u0643\u0643\u0645 \u0627\u0644\u0639\u0627\u0644\u0645\u064a \u0644\u062a\u062c\u0627\u0631\u0629 \u0627\u0644\u0623\u0631\u0632 \u0639\u0627\u0644\u064a \u0627\u0644\u062c\u0648\u062f\u0629!<\/p>\n\n\n\n<p>\u0646\u062d\u0646 \u0633\u0639\u062f\u0627\u0621 \u0628\u0623\u0646 \u0646\u0631\u062d\u0628 \u0628\u0643\u0645 \u0639\u0644\u0649 \u0645\u0648\u0642\u0639\u0646\u0627 \u0627\u0644\u0625\u0644\u0643\u062a\u0631\u0648\u0646\u064a\u060c \u0628\u0648\u0627\u0628\u062a\u0643\u0645 \u0625\u0644\u0649 \u0623\u0641\u0636\u0644 \u0623\u0646\u0648\u0627\u0639 \u0627\u0644\u0623\u0631\u0632 \u0645\u0646 \u062c\u0645\u064a\u0639 \u0623\u0646\u062d\u0627\u0621 \u0627\u0644\u0639\u0627\u0644\u0645. \u0643\u0634\u0631\u0643\u0629 \u062a\u0648\u0631\u064a\u062f \u062f\u0648\u0644\u064a\u0629\u060c \u062a\u062e\u062a\u0635 \u0627\u0647\u062a\u0645\u0627\u0645\u0627\u062a\u0646\u0627 \u0628\u0634\u0643\u0644 \u062e\u0627\u0635 \u0641\u064a \u062a\u0648\u0641\u064a\u0631 \u0648\u062a\u0648\u0632\u064a\u0639 \u0623\u0631\u0632 \u0639\u0627\u0644\u064a \u0627\u0644\u062c\u0648\u062f\u0629 \u0644\u062a\u0644\u0628\u064a\u0629 \u0645\u062a\u0637\u0644\u0628\u0627\u062a \u0645\u062a\u0646\u0648\u0639\u0629. \u0627\u0631\u062a\u0628\u0637\u062a \u062c\u0648\u062f\u062a\u0646\u0627\u060c \u0648\u0645\u0648\u062b\u0648\u0642\u064a\u062a\u0646\u0627\u060c \u0648\u0631\u0636\u0627 \u0627\u0644\u0639\u0645\u0644\u0627\u0621 \u0628\u0646\u062c\u0627\u062d\u0646\u0627 \u0643\u0634\u0631\u064a\u0643 \u064a\u0645\u0643\u0646 \u0627\u0644\u0627\u0639\u062a\u0645\u0627\u062f \u0639\u0644\u064a\u0647.<\/p>\n\n\n\n<p>\u0628\u0641\u0636\u0644 \u0641\u0631\u064a\u0642 \u0645\u062a\u062d\u0645\u0633 \u0645\u0646 \u0627\u0644\u062e\u0628\u0631\u0627\u0621 \u0627\u0644\u0630\u064a\u0646 \u064a\u0641\u0647\u0645\u0648\u0646 \u062a\u0641\u0627\u0635\u064a\u0644 \u062a\u062c\u0627\u0631\u0629 \u0627\u0644\u0623\u0631\u0632\u060c \u0646\u0631\u0627\u0642\u0628 \u0643\u0644 \u062e\u0637\u0648\u0629 \u0641\u064a \u0639\u0645\u0644\u064a\u0629 \u0627\u0644\u062a\u0648\u0631\u064a\u062f \u0644\u0636\u0645\u0627\u0646 \u0648\u0635\u0648\u0644 \u0623\u0639\u0644\u0649 \u0645\u0633\u062a\u0648\u064a\u0627\u062a \u0627\u0644\u062c\u0648\u062f\u0629 \u0625\u0644\u0649 \u0639\u0645\u0644\u0627\u0626\u0646\u0627. \u0646\u0642\u062f\u0645 \u0645\u062c\u0645\u0648\u0639\u0629 \u0645\u062a\u0646\u0648\u0639\u0629 \u0645\u0646 \u0623\u0635\u0646\u0627\u0641 \u0627\u0644\u0623\u0631\u0632 \u0627\u0644\u062a\u064a \u062a\u0644\u0628\u064a \u0623\u0639\u0644\u0649 \u0627\u0644\u0645\u0639\u0627\u064a\u064a\u0631.<\/p>\n\n\n\n<p>\u062a\u0645\u062a\u062f \u0634\u0631\u0627\u0643\u0627\u062a\u0646\u0627 \u0639\u0628\u0631 \u0642\u0627\u0631\u0627\u062a \u0645\u062e\u062a\u0644\u0641\u0629\u060c \u0645\u0645\u0627 \u064a\u0645\u0643\u0646\u0646\u0627 \u0645\u0646 \u0636\u0645\u0627\u0646 \u062a\u062f\u0641\u0642 \u0645\u0633\u062a\u0645\u0631 \u0648\u0645\u0648\u062b\u0648\u0642 \u0644\u0644\u0623\u0631\u0632 \u0625\u0644\u064a\u0643\u0645. \u0646\u062f\u0631\u0643 \u0623\u0646 \u0627\u062d\u062a\u064a\u0627\u062c\u0627\u062a \u0639\u0645\u0644\u0627\u0626\u0646\u0627 \u0645\u062a\u0646\u0648\u0639\u0629\u060c \u0633\u0648\u0627\u0621 \u0641\u064a \u0642\u0637\u0627\u0639 \u0628\u064a\u0639 \u0627\u0644\u0645\u0648\u0627\u062f \u0627\u0644\u063a\u0630\u0627\u0626\u064a\u0629 \u0628\u0627\u0644\u062a\u062c\u0632\u0626\u0629\u060c \u0623\u0648 \u062a\u062c\u0647\u064a\u0632 \u0627\u0644\u0645\u0648\u0627\u062f \u0627\u0644\u063a\u0630\u0627\u0626\u064a\u0629\u060c \u0623\u0648 \u0642\u0637\u0627\u0639 \u0627\u0644\u0645\u0637\u0627\u0639\u0645. \u0644\u0630\u0627 \u0646\u0642\u062f\u0645 \u062d\u0644\u0627\u064b \u0645\u062e\u0635\u0635\u064b\u0627 \u064a\u0646\u062f\u0645\u062c \u0628\u0633\u0644\u0627\u0633\u0629 \u0641\u064a \u0639\u0645\u0644\u064a\u0627\u062a \u0623\u0639\u0645\u0627\u0644\u0643\u0645.<\/p>\n\n\n\n<p>\u0644\u0627 \u062a\u062a\u0631\u062f\u062f\u0648\u0627 \u0641\u064a \u0627\u0644\u062a\u0648\u0627\u0635\u0644 \u0645\u0639\u0646\u0627 \u0644\u0645\u0646\u0627\u0642\u0634\u0629 \u0627\u062d\u062a\u064a\u0627\u062c\u0627\u062a\u0643\u0645 \u0627\u0644\u0641\u0631\u062f\u064a\u0629.<\/p>\n\n\n\n<hr class=\"wp-block-separator has-alpha-channel-opacity\"\/>\n\n\n\n<p>Sprachen<\/p>\n\n\n\n<p>English:<\/p>\n\n\n\n<p>Currently, we can offer you rice, in quantities starting from 20 tons, in various packaging options (Private Label available), and qualities. We are available for your inquiries.<\/p>\n\n\n\n<hr class=\"wp-block-separator has-alpha-channel-opacity\"\/>\n\n\n\n<p>Actualmente, podemos ofrecerles arroz, en cantidades a partir de 20 toneladas, en diferentes opciones de embalaje (etiqueta privada disponible) y calidades. Estamos disponibles para sus consultas.<\/p>\n\n\n\n<hr class=\"wp-block-separator has-alpha-channel-opacity\"\/>\n\n\n\n<p>Actuellement, nous pouvons vous proposer du riz, en quantit\u00e9s \u00e0 partir de 20 tonnes, dans diff\u00e9rentes options d\u2019emballage (\u00e9tiquette priv\u00e9e disponible) et qualit\u00e9s. Nous sommes disponibles pour vos demandes.<\/p>\n\n\n\n<hr class=\"wp-block-separator has-alpha-channel-opacity\"\/>\n\n\n\n<p>\u0412 \u043d\u0430\u0441\u0442\u043e\u044f\u0449\u0435\u0435 \u0432\u0440\u0435\u043c\u044f \u043c\u044b \u043c\u043e\u0436\u0435\u043c \u043f\u0440\u0435\u0434\u043b\u043e\u0436\u0438\u0442\u044c \u0432\u0430\u043c \u0440\u0438\u0441, \u0432 \u043a\u043e\u043b\u0438\u0447\u0435\u0441\u0442\u0432\u0435 \u043e\u0442 20 \u0442\u043e\u043d\u043d, \u0432 \u0440\u0430\u0437\u043b\u0438\u0447\u043d\u043e\u0439 \u0443\u043f\u0430\u043a\u043e\u0432\u043a\u0435 (\u0432\u043e\u0437\u043c\u043e\u0436\u043d\u0430 \u0447\u0430\u0441\u0442\u043d\u0430\u044f \u043c\u0430\u0440\u043a\u0430) \u0438 \u043a\u0430\u0447\u0435\u0441\u0442\u0432\u0435. \u041c\u044b \u0433\u043e\u0442\u043e\u0432\u044b \u043e\u0442\u0432\u0435\u0442\u0438\u0442\u044c \u043d\u0430 \u0432\u0430\u0448\u0438 \u0437\u0430\u043f\u0440\u043e\u0441\u044b.<\/p>\n\n\n\n<hr class=\"wp-block-separator has-alpha-channel-opacity\"\/>\n\n\n\n<p>\u062d\u0627\u0644\u064a\u064b\u0627\u060c \u064a\u0645\u0643\u0646\u0646\u0627 \u0623\u0646 \u0646\u0642\u062f\u0645 \u0644\u0643\u0645 \u0623\u0631\u0632\u064b\u0627\u060c \u0628\u0643\u0645\u064a\u0627\u062a \u062a\u0628\u062f\u0623 \u0645\u0646 20 \u0637\u0646\u064b\u0627\u060c \u0641\u064a \u062a\u0639\u0628\u0626\u0627\u062a \u0645\u062a\u0646\u0648\u0639\u0629 (\u0627\u0644\u0639\u0644\u0627\u0645\u0629 \u0627\u0644\u062e\u0627\u0635\u0629 \u0645\u062a\u0627\u062d\u0629) \u0648\u0628\u062c\u0648\u062f\u0627\u062a \u0645\u062e\u062a\u0644\u0641\u0629. \u0646\u062d\u0646 \u0645\u062a\u0627\u062d\u0648\u0646 \u0644\u0627\u0633\u062a\u0641\u0633\u0627\u0631\u0627\u062a\u0643\u0645.<\/p>\n","protected":false},"excerpt":{"rendered":"<p>Reisgro\u00dfhandel Willkommen bei der Dissenting GmbH, Ihrem globalen Partner f\u00fcr hochwertigen Reishandel! Als internationales Beschaffungsunternehmen haben wir uns unter anderem darauf spezialisiert, hochwertigen Reis f\u00fcr die unterschiedlichsten Bed\u00fcrfnisse zu beschaffen und zu vertreiben. Unser Engagement f\u00fcr Qualit\u00e4t, Zuverl\u00e4ssigkeit und Kundenzufriedenheit hat uns zu einem vertrauensw\u00fcrdigen Partner gemacht. Mit einem professionellen Team von Experten, das die &hellip; <\/p>\n<p class=\"link-more\"><a href=\"https:\/\/blsgruppe.com\/?page_id=1059\" class=\"more-link\"><span class=\"screen-reader-text\">\u201eReis\u201c<\/span> weiterlesen<\/a><\/p>\n","protected":false},"author":1,"featured_media":0,"parent":0,"menu_order":0,"comment_status":"closed","ping_status":"closed","template":"","meta":{"footnotes":""},"class_list":["post-1059","page","type-page","status-publish","hentry"],"_links":{"self":[{"href":"https:\/\/blsgruppe.com\/index.php?rest_route=\/wp\/v2\/pages\/1059","targetHints":{"allow":["GET"]}}],"collection":[{"href":"https:\/\/blsgruppe.com\/index.php?rest_route=\/wp\/v2\/pages"}],"about":[{"href":"https:\/\/blsgruppe.com\/index.php?rest_route=\/wp\/v2\/types\/page"}],"author":[{"embeddable":true,"href":"https:\/\/blsgruppe.com\/index.php?rest_route=\/wp\/v2\/users\/1"}],"replies":[{"embeddable":true,"href":"https:\/\/blsgruppe.com\/index.php?rest_route=%2Fwp%2Fv2%2Fcomments&post=1059"}],"version-history":[{"count":2,"href":"https:\/\/blsgruppe.com\/index.php?rest_route=\/wp\/v2\/pages\/1059\/revisions"}],"predecessor-version":[{"id":1129,"href":"https:\/\/blsgruppe.com\/index.php?rest_route=\/wp\/v2\/pages\/1059\/revisions\/1129"}],"wp:attachment":[{"href":"https:\/\/blsgruppe.com\/index.php?rest_route=%2Fwp%2Fv2%2Fmedia&parent=1059"}],"curies":[{"name":"wp","href":"https:\/\/api.w.org\/{rel}","templated":true}]}}