{"id":11,"date":"2023-05-03T19:19:26","date_gmt":"2023-05-03T19:19:26","guid":{"rendered":"https:\/\/blsgruppe.com\/?page_id=11"},"modified":"2026-04-29T20:16:42","modified_gmt":"2026-04-29T20:16:42","slug":"home-offers","status":"publish","type":"page","link":"https:\/\/blsgruppe.com\/","title":{"rendered":"Start"},"content":{"rendered":"\n<h1 class=\"wp-block-heading\" style=\"font-size:16px\"><strong>Fahrzeuge, LKW, Spezialfahrzeuge, Motoren und Generatoren sowie deren Ersatzteile und Zubeh\u00f6r sind unser Gesch\u00e4ft. Mit B\u00fcros u.a. in Berlin, Athen und Kairo sind wir vorwiegend im MENA-Raum, Europa und S\u00fcdosteuropa aktiv und liefern weltweit. <\/strong><\/h1>\n\n\n\n<p style=\"font-size:16px\">Sie m\u00f6chten uns direkt erreichen? <\/p>\n\n\n\n<div class=\"wp-block-buttons is-content-justification-center is-layout-flex wp-container-core-buttons-is-layout-16018d1d wp-block-buttons-is-layout-flex\">\n<div class=\"wp-block-button has-custom-width wp-block-button__width-25 is-style-outline is-style-outline--1\"><a class=\"wp-block-button__link has-vivid-red-color has-text-color has-link-color wp-element-button\" href=\"https:\/\/blsgruppe.com\/?page_id=84\" style=\"border-top-left-radius:15px;border-top-right-radius:15px;border-bottom-left-radius:15px;border-bottom-right-radius:15px\" target=\"_blank\" rel=\"noreferrer noopener nofollow\">KONTAKT<\/a><\/div>\n<\/div>\n\n\n\n<h2 class=\"wp-block-heading has-text-align-center\" style=\"font-size:20px\"><strong>FAHRZEUGE &amp; ZUBEH\u00d6R<\/strong><\/h2>\n\n\n\n<figure class=\"wp-block-gallery has-nested-images columns-default is-cropped wp-block-gallery-2 is-layout-flex wp-block-gallery-is-layout-flex\">\n<figure class=\"wp-block-image size-large\"><img loading=\"lazy\" decoding=\"async\" width=\"1024\" height=\"665\" data-id=\"2220\" src=\"https:\/\/blsgruppe.com\/wp-content\/uploads\/2024\/08\/cropped-mercedes_arocs-1024x665.jpg\" alt=\"\" class=\"wp-image-2220\" srcset=\"https:\/\/blsgruppe.com\/wp-content\/uploads\/2024\/08\/cropped-mercedes_arocs-1024x665.jpg 1024w, https:\/\/blsgruppe.com\/wp-content\/uploads\/2024\/08\/cropped-mercedes_arocs-300x195.jpg 300w, https:\/\/blsgruppe.com\/wp-content\/uploads\/2024\/08\/cropped-mercedes_arocs-768x499.jpg 768w, https:\/\/blsgruppe.com\/wp-content\/uploads\/2024\/08\/cropped-mercedes_arocs-1536x998.jpg 1536w, https:\/\/blsgruppe.com\/wp-content\/uploads\/2024\/08\/cropped-mercedes_arocs.jpg 2000w\" sizes=\"auto, (max-width: 706px) 89vw, (max-width: 767px) 82vw, 740px\" \/><\/figure>\n\n\n\n<figure class=\"wp-block-image size-large\"><img loading=\"lazy\" decoding=\"async\" width=\"767\" height=\"518\" data-id=\"2047\" src=\"https:\/\/blsgruppe.com\/wp-content\/uploads\/2024\/07\/glc200_4m_coupe_2-2.jpeg\" alt=\"\" class=\"wp-image-2047\" srcset=\"https:\/\/blsgruppe.com\/wp-content\/uploads\/2024\/07\/glc200_4m_coupe_2-2.jpeg 767w, https:\/\/blsgruppe.com\/wp-content\/uploads\/2024\/07\/glc200_4m_coupe_2-2-300x203.jpeg 300w\" sizes=\"auto, (max-width: 706px) 89vw, (max-width: 767px) 82vw, 740px\" \/><\/figure>\n\n\n\n<figure class=\"wp-block-image size-large\"><img loading=\"lazy\" decoding=\"async\" width=\"574\" height=\"348\" data-id=\"2293\" src=\"https:\/\/blsgruppe.com\/wp-content\/uploads\/2024\/09\/gebraucht_liebherr1450_8_1_for_sale-1024x371-1.jpg\" alt=\"\" class=\"wp-image-2293\" srcset=\"https:\/\/blsgruppe.com\/wp-content\/uploads\/2024\/09\/gebraucht_liebherr1450_8_1_for_sale-1024x371-1.jpg 574w, https:\/\/blsgruppe.com\/wp-content\/uploads\/2024\/09\/gebraucht_liebherr1450_8_1_for_sale-1024x371-1-300x182.jpg 300w\" sizes=\"auto, (max-width: 574px) 100vw, 574px\" \/><\/figure>\n<\/figure>\n\n\n\n<figure class=\"wp-block-gallery has-nested-images columns-default is-cropped wp-block-gallery-3 is-layout-flex wp-block-gallery-is-layout-flex\">\n<figure class=\"wp-block-image size-large\"><img loading=\"lazy\" decoding=\"async\" width=\"1023\" height=\"530\" data-id=\"2112\" src=\"https:\/\/blsgruppe.com\/wp-content\/uploads\/2024\/08\/titan_spezial_truck.jpg\" alt=\"\" class=\"wp-image-2112\" srcset=\"https:\/\/blsgruppe.com\/wp-content\/uploads\/2024\/08\/titan_spezial_truck.jpg 1023w, https:\/\/blsgruppe.com\/wp-content\/uploads\/2024\/08\/titan_spezial_truck-300x155.jpg 300w, https:\/\/blsgruppe.com\/wp-content\/uploads\/2024\/08\/titan_spezial_truck-768x398.jpg 768w\" sizes=\"auto, (max-width: 706px) 89vw, (max-width: 767px) 82vw, 740px\" \/><\/figure>\n\n\n\n<figure class=\"wp-block-image size-large\"><img loading=\"lazy\" decoding=\"async\" width=\"718\" height=\"655\" data-id=\"1861\" src=\"https:\/\/blsgruppe.com\/wp-content\/uploads\/2024\/07\/man_18480_4.jpeg\" alt=\"\" class=\"wp-image-1861\" srcset=\"https:\/\/blsgruppe.com\/wp-content\/uploads\/2024\/07\/man_18480_4.jpeg 718w, https:\/\/blsgruppe.com\/wp-content\/uploads\/2024\/07\/man_18480_4-300x274.jpeg 300w\" sizes=\"auto, (max-width: 718px) 100vw, 718px\" \/><\/figure>\n<\/figure>\n\n\n\n<figure class=\"wp-block-image size-full\"><img loading=\"lazy\" decoding=\"async\" width=\"882\" height=\"617\" src=\"https:\/\/blsgruppe.com\/wp-content\/uploads\/2024\/06\/beton4.jpg\" alt=\"\" class=\"wp-image-1614\" srcset=\"https:\/\/blsgruppe.com\/wp-content\/uploads\/2024\/06\/beton4.jpg 882w, https:\/\/blsgruppe.com\/wp-content\/uploads\/2024\/06\/beton4-300x210.jpg 300w, https:\/\/blsgruppe.com\/wp-content\/uploads\/2024\/06\/beton4-768x537.jpg 768w\" sizes=\"auto, (max-width: 706px) 89vw, (max-width: 767px) 82vw, 740px\" \/><\/figure>\n\n\n\n<h2 class=\"wp-block-heading\" style=\"font-size:18px\"><strong>Fahrzeuge und Spezialfahrzeuge<\/strong><\/h2>\n\n\n\n<p style=\"font-size:16px\">Wir beschaffen u.a. PKW, LKW, NKW, Fahrzeugkrane, Baufahrzeuge, Betonmischer, Kettenfahrzeuge, Zugmaschinen und Trailer, auch f\u00fcr besondere Einsatzzwecke, Ob Schwertransporter, Amphibienfahrzeuge &#8211; wir finden das passende&#8230; <strong>INFO<\/strong><\/p>\n\n\n\n<div class=\"wp-block-buttons is-content-justification-center is-layout-flex wp-container-core-buttons-is-layout-16018d1d wp-block-buttons-is-layout-flex\">\n<div class=\"wp-block-button has-custom-width wp-block-button__width-50 is-style-outline is-style-outline--4\"><a class=\"wp-block-button__link has-vivid-red-color has-text-color has-link-color wp-element-button\" style=\"border-top-left-radius:15px;border-top-right-radius:15px;border-bottom-left-radius:15px;border-bottom-right-radius:15px\">Sie haben Fragen ?<\/a><\/div>\n<\/div>\n\n\n\n<p><\/p>\n\n\n\n<hr class=\"wp-block-separator has-alpha-channel-opacity is-style-wide\"\/>\n\n\n\n<div class=\"wp-block-media-text has-media-on-the-right is-stacked-on-mobile\"><div class=\"wp-block-media-text__content\">\n<h2 class=\"wp-block-heading\" style=\"font-size:18px\"><strong>Fahrzeugkauf, Logistik, Transport und Verschiffung<\/strong><\/h2>\n\n\n\n<p style=\"font-size:16px\">Wir bieten Ihnen eine <strong>Gesamtl\u00f6sung f\u00fcr Ihre Fahzeugversendung<\/strong>. Ob Fahrzeugtransporter (RoRo) oder Containerverschiffung, wir erledigen alle Formalit\u00e4ten f\u00fcr die weltweite Lieferung &#8230; <strong><a href=\"https:\/\/blsgruppe.com\/?page_id=1966\" data-type=\"page\" data-id=\"1966\">INFO<\/a><\/strong><\/p>\n<\/div><figure class=\"wp-block-media-text__media\"><a href=\"https:\/\/blscharter.de\"><img loading=\"lazy\" decoding=\"async\" width=\"1024\" height=\"451\" src=\"https:\/\/blsgruppe.com\/wp-content\/uploads\/2024\/07\/cartransport_germany_egypt-2-1024x451-1.jpg\" alt=\"\" class=\"wp-image-1972 size-full\" srcset=\"https:\/\/blsgruppe.com\/wp-content\/uploads\/2024\/07\/cartransport_germany_egypt-2-1024x451-1.jpg 1024w, https:\/\/blsgruppe.com\/wp-content\/uploads\/2024\/07\/cartransport_germany_egypt-2-1024x451-1-300x132.jpg 300w, https:\/\/blsgruppe.com\/wp-content\/uploads\/2024\/07\/cartransport_germany_egypt-2-1024x451-1-768x338.jpg 768w\" sizes=\"auto, (max-width: 706px) 89vw, (max-width: 767px) 82vw, 740px\" \/><\/a><\/figure><\/div>\n\n\n\n<hr class=\"wp-block-separator has-alpha-channel-opacity is-style-wide\"\/>\n\n\n\n<p class=\"has-white-color has-text-color has-link-color has-small-font-size wp-elements-43a9902599fa43e1f5b7c5064ce034c0\">.<\/p>\n\n\n\n<figure class=\"wp-block-image size-full\"><img loading=\"lazy\" decoding=\"async\" width=\"1015\" height=\"385\" src=\"https:\/\/blsgruppe.com\/wp-content\/uploads\/2024\/07\/oem_spareparts_for_sale.png\" alt=\"\" class=\"wp-image-1793\" srcset=\"https:\/\/blsgruppe.com\/wp-content\/uploads\/2024\/07\/oem_spareparts_for_sale.png 1015w, https:\/\/blsgruppe.com\/wp-content\/uploads\/2024\/07\/oem_spareparts_for_sale-300x114.png 300w, https:\/\/blsgruppe.com\/wp-content\/uploads\/2024\/07\/oem_spareparts_for_sale-768x291.png 768w\" sizes=\"auto, (max-width: 706px) 89vw, (max-width: 767px) 82vw, 740px\" \/><\/figure>\n\n\n\n<h2 class=\"wp-block-heading\" style=\"font-size:18px\"><strong>Ersatzteile f\u00fcr Fahrzeuge, LKW, NKW und Spezialfahrzeuge<\/strong><\/h2>\n\n\n\n<p style=\"font-size:16px\">Wir liefern <strong>OEM Ersatzteile (Tier 1 und Tier 2) Brands, <\/strong>wie Bremsen, Turbolader, \u00d6lpumpen, \u00d6lfilter und Tuningzubeh\u00f6r f\u00fcr PKW, NKW und LKW diverser Marken, wie Mercedes, MAN, VW, Renault, Volvo &#8230; <a href=\"https:\/\/blsgruppe.com\/?page_id=435\" data-type=\"page\" data-id=\"615\" target=\"_blank\" rel=\"noreferrer noopener\"><strong>INFO<\/strong><\/a> <\/p>\n\n\n\n<div class=\"wp-block-buttons is-content-justification-center is-layout-flex wp-container-core-buttons-is-layout-16018d1d wp-block-buttons-is-layout-flex\">\n<div class=\"wp-block-button has-custom-width wp-block-button__width-25 is-style-outline is-style-outline--5\"><a class=\"wp-block-button__link has-vivid-red-color has-text-color has-link-color wp-element-button\" href=\"https:\/\/blsgruppe.com\/?page_id=84\" style=\"border-top-left-radius:15px;border-top-right-radius:15px;border-bottom-left-radius:15px;border-bottom-right-radius:15px\">KONTAKT<\/a><\/div>\n<\/div>\n\n\n\n<p><\/p>\n\n\n\n<hr class=\"wp-block-separator has-alpha-channel-opacity is-style-wide\"\/>\n\n\n\n<h2 class=\"wp-block-heading\"><strong>Motoren und Generatoren<\/strong><\/h2>\n\n\n\n<div class=\"wp-block-media-text is-stacked-on-mobile is-vertically-aligned-center\"><figure class=\"wp-block-media-text__media\"><a href=\"https:\/\/blsgruppe.com\/?page_id=428\" target=\"_blank\" rel=\"noreferrer noopener\"><img loading=\"lazy\" decoding=\"async\" width=\"1024\" height=\"771\" src=\"https:\/\/blsgruppe.com\/wp-content\/uploads\/2023\/08\/engines_generator_shipdiesel-1024x771.jpg\" alt=\"Wir beschaffen Motoren, Generatoren, Schiffsmotoren sowie deren Ersatzteile. Darunter Marken wie CATERPILLAR, JENBACHER, HYUNDAI-MAN, WARTSILA, CUMMINS, DAIHATSU, YANMAR, MAK, DORMAN, STX MAN, ABB, MTU, ROLLS ROYCE BERGEN, HIMSEN. Aktuelles Verkaufsangebot: Caterpillar 3516C Dieselgenerator. Baujahr 2014, neuwertig, 2500KVA\/ 690V\/ 60Hz. Weitere Marken auf Anfrage.\" class=\"wp-image-343 size-full\" srcset=\"https:\/\/blsgruppe.com\/wp-content\/uploads\/2023\/08\/engines_generator_shipdiesel-1024x771.jpg 1024w, https:\/\/blsgruppe.com\/wp-content\/uploads\/2023\/08\/engines_generator_shipdiesel-300x226.jpg 300w, https:\/\/blsgruppe.com\/wp-content\/uploads\/2023\/08\/engines_generator_shipdiesel-768x578.jpg 768w, https:\/\/blsgruppe.com\/wp-content\/uploads\/2023\/08\/engines_generator_shipdiesel.jpg 1084w\" sizes=\"auto, (max-width: 706px) 89vw, (max-width: 767px) 82vw, 740px\" \/><\/a><\/figure><div class=\"wp-block-media-text__content\">\n<p style=\"font-size:16px\">Wir beschaffen und liefern weltweit <strong>Motoren, Generatoren, Schiffsmotoren und deren Ersatzteile<\/strong>.<\/p>\n\n\n\n<p style=\"font-size:16px\">Darunter Marken wie CATERPILLAR, JENBACHER, HYUNDAI, MAN, WARTSILA, CUMMINS, DAIHATSU, YANMAR, MAK, DORMAN, STX MAN, ABB, MTU, ROLLS ROYCE BERGEN, HIMSEN <strong><a href=\"https:\/\/blsgruppe.com\/?page_id=428\" data-type=\"page\" data-id=\"428\">&#8230; INFO<\/a><\/strong><\/p>\n<\/div><\/div>\n\n\n\n<figure class=\"wp-block-image size-full\"><img loading=\"lazy\" decoding=\"async\" width=\"1001\" height=\"349\" src=\"https:\/\/blsgruppe.com\/wp-content\/uploads\/2024\/07\/industriemotore_ersatzteile_start-1-1024x374-1.png\" alt=\"\" class=\"wp-image-1799\" srcset=\"https:\/\/blsgruppe.com\/wp-content\/uploads\/2024\/07\/industriemotore_ersatzteile_start-1-1024x374-1.png 1001w, https:\/\/blsgruppe.com\/wp-content\/uploads\/2024\/07\/industriemotore_ersatzteile_start-1-1024x374-1-300x105.png 300w, https:\/\/blsgruppe.com\/wp-content\/uploads\/2024\/07\/industriemotore_ersatzteile_start-1-1024x374-1-768x268.png 768w\" sizes=\"auto, (max-width: 706px) 89vw, (max-width: 767px) 82vw, 740px\" \/><\/figure>\n\n\n\n<p style=\"font-size:16px\">&#8230;. und beschaffen <strong>Ersatzteile diverser Hersteller<\/strong> <strong>f\u00fcr Diesel- und Gasmotoren<\/strong> f\u00fcr Landmaschinenmotoren, Baumaschinenmotoren, Schiffsmotoren, Bergbaumaschinenmotoren, Diesellokomotivenmotoren &#8230; <strong><a href=\"https:\/\/blsgruppe.com\/?page_id=429\" data-type=\"page\" data-id=\"428\">INFO<\/a><\/strong><\/p>\n\n\n\n<figure class=\"wp-block-image size-full\"><img loading=\"lazy\" decoding=\"async\" width=\"1024\" height=\"139\" src=\"https:\/\/blsgruppe.com\/wp-content\/uploads\/2024\/07\/industriemotore_ersatzteile-1024x139-1.png\" alt=\"\" class=\"wp-image-1800\" srcset=\"https:\/\/blsgruppe.com\/wp-content\/uploads\/2024\/07\/industriemotore_ersatzteile-1024x139-1.png 1024w, https:\/\/blsgruppe.com\/wp-content\/uploads\/2024\/07\/industriemotore_ersatzteile-1024x139-1-300x41.png 300w, https:\/\/blsgruppe.com\/wp-content\/uploads\/2024\/07\/industriemotore_ersatzteile-1024x139-1-768x104.png 768w\" sizes=\"auto, (max-width: 706px) 89vw, (max-width: 767px) 82vw, 740px\" \/><\/figure>\n\n\n\n<div class=\"wp-block-buttons is-content-justification-center is-layout-flex wp-container-core-buttons-is-layout-16018d1d wp-block-buttons-is-layout-flex\">\n<div class=\"wp-block-button has-custom-width wp-block-button__width-50 is-style-outline is-style-outline--6\"><a class=\"wp-block-button__link has-vivid-red-color has-text-color has-link-color wp-element-button\" style=\"border-top-left-radius:15px;border-top-right-radius:15px;border-bottom-left-radius:15px;border-bottom-right-radius:15px\">Sie haben fragen ? Wir sind f\u00fcr Sie da !<\/a><\/div>\n<\/div>\n\n\n\n<p><\/p>\n\n\n\n<h2 class=\"wp-block-heading\" style=\"font-size:20px\"><strong>\u00d6l-, Gas- und Schiffsindustrie<\/strong><\/h2>\n\n\n\n<div class=\"wp-block-media-text has-media-on-the-right is-stacked-on-mobile\"><div class=\"wp-block-media-text__content\">\n<p style=\"font-size:16px\">Ob <strong>Pumpen, Krane, \u00d6lplattformen, Oil Drilling Rigs, Rig Equipment, Schlammpumpen, Top Drive oder Bop-Systeme, Marine Automation<\/strong>, kommerzielle <strong>Schiffsausr\u00fcstungen<\/strong> wie Motoren oder <strong>Spezialschiffe<\/strong> \u2013 wir finden und liefern weltweit.<\/p>\n<\/div><figure class=\"wp-block-media-text__media\"><img loading=\"lazy\" decoding=\"async\" width=\"679\" height=\"522\" src=\"https:\/\/blsgruppe.com\/wp-content\/uploads\/2024\/10\/tesco_250emi_400hp_3.jpg\" alt=\"\" class=\"wp-image-2657 size-full\" srcset=\"https:\/\/blsgruppe.com\/wp-content\/uploads\/2024\/10\/tesco_250emi_400hp_3.jpg 679w, https:\/\/blsgruppe.com\/wp-content\/uploads\/2024\/10\/tesco_250emi_400hp_3-300x231.jpg 300w\" sizes=\"auto, (max-width: 679px) 100vw, 679px\" \/><\/figure><\/div>\n\n\n\n<div class=\"wp-block-buttons is-content-justification-center is-layout-flex wp-container-core-buttons-is-layout-16018d1d wp-block-buttons-is-layout-flex\">\n<div class=\"wp-block-button has-custom-width wp-block-button__width-25 is-style-outline is-style-outline--7\"><a class=\"wp-block-button__link has-vivid-red-color has-text-color has-link-color wp-element-button\" style=\"border-top-left-radius:15px;border-top-right-radius:15px;border-bottom-left-radius:15px;border-bottom-right-radius:15px\">KONTAKT<\/a><\/div>\n<\/div>\n\n\n\n<p><\/p>\n\n\n\n<hr class=\"wp-block-separator has-alpha-channel-opacity is-style-wide\"\/>\n\n\n\n<p style=\"font-size:16px\"><\/p>\n\n\n\n<div class=\"wpcf7 no-js\" id=\"wpcf7-f856-o1\" lang=\"de-DE\" dir=\"ltr\" data-wpcf7-id=\"856\">\n<div class=\"screen-reader-response\"><p role=\"status\" aria-live=\"polite\" aria-atomic=\"true\"><\/p> <ul><\/ul><\/div>\n<form action=\"\/index.php?rest_route=%2Fwp%2Fv2%2Fpages%2F11#wpcf7-f856-o1\" method=\"post\" class=\"wpcf7-form init\" aria-label=\"Kontaktformular\" novalidate=\"novalidate\" data-status=\"init\">\n<fieldset class=\"hidden-fields-container\"><input type=\"hidden\" name=\"_wpcf7\" value=\"856\" \/><input type=\"hidden\" name=\"_wpcf7_version\" value=\"6.1.5\" \/><input type=\"hidden\" name=\"_wpcf7_locale\" value=\"de_DE\" \/><input type=\"hidden\" name=\"_wpcf7_unit_tag\" value=\"wpcf7-f856-o1\" \/><input type=\"hidden\" name=\"_wpcf7_container_post\" value=\"0\" \/><input type=\"hidden\" name=\"_wpcf7_posted_data_hash\" value=\"\" \/>\n<\/fieldset>\n<p><label> Ihr Name<br \/>\n<span class=\"wpcf7-form-control-wrap\" data-name=\"your-name\"><input size=\"40\" maxlength=\"400\" class=\"wpcf7-form-control wpcf7-text wpcf7-validates-as-required\" autocomplete=\"name\" aria-required=\"true\" aria-invalid=\"false\" value=\"\" type=\"text\" name=\"your-name\" \/><\/span> <\/label>\n<\/p>\n<p><label> Ihre E-Mail-Adresse<br \/>\n<span class=\"wpcf7-form-control-wrap\" data-name=\"your-email\"><input size=\"40\" maxlength=\"400\" class=\"wpcf7-form-control wpcf7-email wpcf7-validates-as-required wpcf7-text wpcf7-validates-as-email\" autocomplete=\"email\" aria-required=\"true\" aria-invalid=\"false\" value=\"\" type=\"email\" name=\"your-email\" \/><\/span> <\/label>\n<\/p>\n<p><label> Betreff<br \/>\n<span class=\"wpcf7-form-control-wrap\" data-name=\"your-subject\"><input size=\"40\" maxlength=\"400\" class=\"wpcf7-form-control wpcf7-text wpcf7-validates-as-required\" aria-required=\"true\" aria-invalid=\"false\" value=\"\" type=\"text\" name=\"your-subject\" \/><\/span> <\/label>\n<\/p>\n<p><label> Ihre Nachricht (optional)<br \/>\n<span class=\"wpcf7-form-control-wrap\" data-name=\"your-message\"><textarea cols=\"40\" rows=\"10\" maxlength=\"2000\" class=\"wpcf7-form-control wpcf7-textarea\" aria-invalid=\"false\" name=\"your-message\"><\/textarea><\/span> <\/label>\n<\/p>\n<p><input class=\"wpcf7-form-control wpcf7-submit has-spinner\" type=\"submit\" value=\"Senden\" \/>\n<\/p><div class=\"wpcf7-response-output\" aria-hidden=\"true\"><\/div>\n<\/form>\n<\/div>\n\n","protected":false},"excerpt":{"rendered":"<p>Fahrzeuge, LKW, Spezialfahrzeuge, Motoren und Generatoren sowie deren Ersatzteile und Zubeh\u00f6r sind unser Gesch\u00e4ft. Mit B\u00fcros u.a. in Berlin, Athen und Kairo sind wir vorwiegend im MENA-Raum, Europa und S\u00fcdosteuropa aktiv und liefern weltweit. Sie m\u00f6chten uns direkt erreichen? FAHRZEUGE &amp; ZUBEH\u00d6R Fahrzeuge und Spezialfahrzeuge Wir beschaffen u.a. PKW, LKW, NKW, Fahrzeugkrane, Baufahrzeuge, Betonmischer, Kettenfahrzeuge, &hellip; <\/p>\n<p class=\"link-more\"><a href=\"https:\/\/blsgruppe.com\/\" class=\"more-link\"><span class=\"screen-reader-text\">\u201eStart\u201c <\/span>weiterlesen<\/a><\/p>\n","protected":false},"author":1,"featured_media":0,"parent":0,"menu_order":0,"comment_status":"closed","ping_status":"closed","template":"","meta":{"footnotes":""},"class_list":["post-11","page","type-page","status-publish","hentry"],"_links":{"self":[{"href":"https:\/\/blsgruppe.com\/index.php?rest_route=\/wp\/v2\/pages\/11","targetHints":{"allow":["GET"]}}],"collection":[{"href":"https:\/\/blsgruppe.com\/index.php?rest_route=\/wp\/v2\/pages"}],"about":[{"href":"https:\/\/blsgruppe.com\/index.php?rest_route=\/wp\/v2\/types\/page"}],"author":[{"embeddable":true,"href":"https:\/\/blsgruppe.com\/index.php?rest_route=\/wp\/v2\/users\/1"}],"replies":[{"embeddable":true,"href":"https:\/\/blsgruppe.com\/index.php?rest_route=%2Fwp%2Fv2%2Fcomments&post=11"}],"version-history":[{"count":659,"href":"https:\/\/blsgruppe.com\/index.php?rest_route=\/wp\/v2\/pages\/11\/revisions"}],"predecessor-version":[{"id":3576,"href":"https:\/\/blsgruppe.com\/index.php?rest_route=\/wp\/v2\/pages\/11\/revisions\/3576"}],"wp:attachment":[{"href":"https:\/\/blsgruppe.com\/index.php?rest_route=%2Fwp%2Fv2%2Fmedia&parent=11"}],"curies":[{"name":"wp","href":"https:\/\/api.w.org\/{rel}","templated":true}]}}