{"id":13,"date":"2023-05-03T19:19:26","date_gmt":"2023-05-03T19:19:26","guid":{"rendered":"https:\/\/blsgruppe.com\/?page_id=13"},"modified":"2024-10-29T17:10:22","modified_gmt":"2024-10-29T17:10:22","slug":"trading","status":"publish","type":"page","link":"https:\/\/blsgruppe.com\/?page_id=13","title":{"rendered":""},"content":{"rendered":"\n<h1 class=\"wp-block-heading\">Luftfahrzeuge<\/h1>\n\n\n\n<p style=\"font-size:16px\">Seit \u00fcber 20 Jahren sind wir in der Luftfahrt t\u00e4tig. Wir sind in der Lage eine Vielzahl gefragter Luftfahrzeuge, Ersatzteile und Dienstleistungen zu beschaffen und zu vermitteln.<\/p>\n\n\n\n<p style=\"font-size:16px\">Ausf\u00fchrliche Informationen finden Sie auf unserer <strong><a href=\"https:\/\/blsaircraft.de\">Webseite<\/a><\/strong>.<\/p>\n\n\n\n<figure class=\"wp-block-image alignwide\"><a href=\"https:\/\/blsaircraft.de\" target=\"_blank\" rel=\"noreferrer noopener\"><img decoding=\"async\" src=\"https:\/\/blsgruppe.de\/wp-content\/uploads\/2022\/10\/preator_500_ext-1536x639-2-1024x426.png\" alt=\"\" class=\"wp-image-1126\"\/><\/a><\/figure>\n\n\n\n<p style=\"font-size:16px\">Ob Flugzeuge, Hubschrauber, Zubeh\u00f6r oder Ersatzteile \u2013 wir beschaffen Ihnen das gesuchte Equipment zu wettbewerbsf\u00e4higen Preisen. Wir arbeiten in diesem Bereich seit \u00fcber 20 Jahren f\u00fcr Privatkunden, Unternehmen und Beh\u00f6rden. <strong><a href=\"https:\/\/blsgruppe.com\/?page_id=84\" data-type=\"page\" data-id=\"84\">Kontakt<\/a><\/strong><\/p>\n\n\n\n<figure class=\"wp-block-image alignwide\"><a href=\"https:\/\/blsaircraft.de\" target=\"_blank\" rel=\"noreferrer noopener\"><img decoding=\"async\" src=\"https:\/\/blsgruppe.de\/wp-content\/uploads\/2022\/12\/ach_145.png\" alt=\"\" class=\"wp-image-1832\"\/><\/a><\/figure>\n\n\n\n<figure class=\"wp-block-image alignwide size-full\"><img loading=\"lazy\" decoding=\"async\" width=\"962\" height=\"395\" src=\"https:\/\/blsgruppe.com\/wp-content\/uploads\/2024\/05\/boeing737_max.jpg\" alt=\"\" class=\"wp-image-1517\" srcset=\"https:\/\/blsgruppe.com\/wp-content\/uploads\/2024\/05\/boeing737_max.jpg 962w, https:\/\/blsgruppe.com\/wp-content\/uploads\/2024\/05\/boeing737_max-300x123.jpg 300w, https:\/\/blsgruppe.com\/wp-content\/uploads\/2024\/05\/boeing737_max-768x315.jpg 768w\" sizes=\"auto, (max-width: 706px) 89vw, (max-width: 767px) 82vw, 740px\" \/><\/figure>\n\n\n\n<h2 class=\"wp-block-heading\"><strong>CHARTER<\/strong><\/h2>\n\n\n\n<p style=\"font-size:16px\">Unsere Charterabteilung vermittelt Ihnen gerne einzelne <a href=\"https:\/\/blsairservice.de\">Charterfl\u00fcge<\/a>, sowie Chartervertr\u00e4ge f\u00fcr kurze und lange Zeitr\u00e4ume. Vom Turbopropflugzeug, Privatjet, Helikopter bis hin zu Linienflugzeugen, Frachtern, Medical Flights oder Sondermaschinen f\u00fcr alle Einsatzarten, auch in Krisengebieten. <strong><a href=\"https:\/\/blsgruppe.com\/?page_id=84\" data-type=\"page\" data-id=\"84\">Kontakt<\/a><\/strong><\/p>\n\n\n\n<hr class=\"wp-block-separator has-alpha-channel-opacity\"\/>\n\n\n\n<figure class=\"wp-block-image alignwide\"><img decoding=\"async\" src=\"https:\/\/blsgruppe.de\/wp-content\/uploads\/2023\/06\/airbus_h175.png\" alt=\"\" class=\"wp-image-2608\"\/><\/figure>\n\n\n\n<p>Wir sind vertraut mit folgenden Marken: AIRBUS \/ AIRBUS HELICOPTERS \/ ATR \/ AGUSTAWESTLAND \/ BAE \/ BEECHCRAFT \/ BELL \/ BOEING \/ BOMBARDIER \/ CESSNA \/ EMBRAER \/ EUROCOPTER \/ FALCON DASSAULT \/ FOKKER \/ GULFSTREAM \/ HAWKER \/ LEARJET\/ LEONARDO \/ MCDONNELL DOUGLAS \/ MIL \/ SIKORSKY \/ GENERAL ELECTRIC \/ HONEYWELL \/ LOCKHEED MARTIN \/ NORTHROP GRUMMAN \/ RAYTHEON \/ ROLLS ROYCE \/ SAFRAN \/ TEXTRON \/ UNITED TECHNOLOGIES<\/p>\n\n\n\n<hr class=\"wp-block-separator has-alpha-channel-opacity\"\/>\n\n\n\n<figure class=\"wp-block-image alignwide\"><img decoding=\"async\" src=\"https:\/\/blsgruppe.de\/wp-content\/uploads\/2023\/08\/airbus_a400m-1024x358.png\" alt=\"\" class=\"wp-image-3027\"\/><\/figure>\n\n\n\n<p><strong>Angebote Zubeh\u00f6r<\/strong>:<\/p>\n\n\n\n<ul class=\"wp-block-list\">\n<li style=\"font-size:16px\"><strong>Ersatzteile und Teile f\u00fcr Transall C160<\/strong>, ca.200 Teile -SOLD-<\/li>\n\n\n\n<li style=\"font-size:16px\"><strong>Br\u00fcggemann Lufttransport Au\u00dfenlastgeschirre<\/strong> bis 6t Tragf\u00e4higkeit -SOLD-<\/li>\n\n\n\n<li style=\"font-size:16px\"><strong>Konservierungsger\u00e4t MTU EK<\/strong> -SOLD-<\/li>\n\n\n\n<li style=\"font-size:16px\"><strong>Luftfahrzeug Hydraulikpr\u00fcfstand SUN AHT<\/strong> -SOLD-<\/li>\n\n\n\n<li style=\"font-size:16px\"><strong>Thales Pr\u00fcfger\u00e4t AHV6-018<\/strong> -SOLD-<\/li>\n<\/ul>\n\n\n\n<hr class=\"wp-block-separator has-alpha-channel-opacity\"\/>\n\n\n\n<p><strong>EN\/ SP\/ FR \/ RU\/ AR<\/strong><\/p>\n\n\n\n<figure class=\"wp-block-gallery has-nested-images columns-default is-cropped wp-block-gallery-1 is-layout-flex wp-block-gallery-is-layout-flex\">\n<figure class=\"wp-block-image size-large\"><img loading=\"lazy\" decoding=\"async\" width=\"637\" height=\"377\" data-id=\"2665\" src=\"https:\/\/blsgruppe.com\/wp-content\/uploads\/2024\/10\/a220_300_filefoto_start.jpg\" alt=\"\" class=\"wp-image-2665\" srcset=\"https:\/\/blsgruppe.com\/wp-content\/uploads\/2024\/10\/a220_300_filefoto_start.jpg 637w, https:\/\/blsgruppe.com\/wp-content\/uploads\/2024\/10\/a220_300_filefoto_start-300x178.jpg 300w\" sizes=\"auto, (max-width: 637px) 100vw, 637px\" \/><\/figure>\n\n\n\n<figure class=\"wp-block-image size-large\"><img loading=\"lazy\" decoding=\"async\" width=\"1024\" height=\"613\" data-id=\"2221\" src=\"https:\/\/blsgruppe.com\/wp-content\/uploads\/2024\/05\/cropped-agusta-1024x559-1-1024x613.jpg\" alt=\"\" class=\"wp-image-2221\" srcset=\"https:\/\/blsgruppe.com\/wp-content\/uploads\/2024\/05\/cropped-agusta-1024x559-1-1024x613.jpg 1024w, https:\/\/blsgruppe.com\/wp-content\/uploads\/2024\/05\/cropped-agusta-1024x559-1-300x180.jpg 300w, https:\/\/blsgruppe.com\/wp-content\/uploads\/2024\/05\/cropped-agusta-1024x559-1-768x460.jpg 768w, https:\/\/blsgruppe.com\/wp-content\/uploads\/2024\/05\/cropped-agusta-1024x559-1-1536x920.jpg 1536w, https:\/\/blsgruppe.com\/wp-content\/uploads\/2024\/05\/cropped-agusta-1024x559-1.jpg 2000w\" sizes=\"auto, (max-width: 706px) 89vw, (max-width: 767px) 82vw, 740px\" \/><\/figure>\n\n\n\n<figure class=\"wp-block-image size-large\"><img loading=\"lazy\" decoding=\"async\" width=\"1024\" height=\"342\" data-id=\"1368\" src=\"https:\/\/blsgruppe.com\/wp-content\/uploads\/2024\/03\/challenger_350_startbild-1024x342-1.png\" alt=\"\" class=\"wp-image-1368\" srcset=\"https:\/\/blsgruppe.com\/wp-content\/uploads\/2024\/03\/challenger_350_startbild-1024x342-1.png 1024w, https:\/\/blsgruppe.com\/wp-content\/uploads\/2024\/03\/challenger_350_startbild-1024x342-1-300x100.png 300w, https:\/\/blsgruppe.com\/wp-content\/uploads\/2024\/03\/challenger_350_startbild-1024x342-1-768x257.png 768w\" sizes=\"auto, (max-width: 706px) 89vw, (max-width: 767px) 82vw, 740px\" \/><\/figure>\n<\/figure>\n\n\n\n<p>Whether aircraft, helicopters, accessories or spare parts &#8211; we can procure the equipment you need at competitive prices. We have been working in this field for over 20 years for private customers, companies and authorities.<\/p>\n\n\n\n<p>Our charter department will be happy to arrange individual charter flights for you, as well as charter contracts for short and long periods. From turboprop aircraft, private jets and helicopters to airliners, freighters, medical flights or special aircraft for all types of operations, even in crisis areas.<\/p>\n\n\n\n<p>We are familiar with the following brands:<\/p>\n\n\n\n<p>AIRBUS \/ AIRBUS HELICOPTERS \/ ATR \/ AGUSTAWESTLAND \/ BAE \/ BEECHCRAFT \/ BELL \/ BOEING \/ BOMBARDIER \/ CESSNA \/ EMBRAER \/ EUROCOPTER \/ FALCON DASSAULT \/ FOKKER \/ GULFSTREAM \/ HAWKER \/ LEARJET\/ LEONARDO \/ MCDONNELL DOUGLAS \/ MIL \/ SIKORSKY \/ GENERAL ELECTRIC \/ HONEYWELL \/ LOCKHEED MARTIN \/ NORTHROP GRUMMAN \/ RAYTHEON \/ ROLLS ROYCE \/ SAFRAN \/ TEXTRON \/ UNITED TECHNOLOGIES<\/p>\n\n\n\n<hr class=\"wp-block-separator has-alpha-channel-opacity is-style-wide\"\/>\n\n\n\n<p>SP:<\/p>\n\n\n\n<p>Ya se trate de aviones, helic\u00f3pteros, accesorios o piezas de repuesto, nos encargamos de conseguir el equipo que necesita a precios competitivos. Llevamos m\u00e1s de 20 a\u00f1os trabajando en este campo para clientes privados, empresas y autoridades.<\/p>\n\n\n\n<figure class=\"wp-block-image size-large\"><img loading=\"lazy\" decoding=\"async\" width=\"1024\" height=\"457\" src=\"https:\/\/blsgruppe.com\/wp-content\/uploads\/2023\/08\/aviation_spare_parts-1024x457.jpg\" alt=\"\" class=\"wp-image-373\" srcset=\"https:\/\/blsgruppe.com\/wp-content\/uploads\/2023\/08\/aviation_spare_parts-1024x457.jpg 1024w, https:\/\/blsgruppe.com\/wp-content\/uploads\/2023\/08\/aviation_spare_parts-300x134.jpg 300w, https:\/\/blsgruppe.com\/wp-content\/uploads\/2023\/08\/aviation_spare_parts-768x343.jpg 768w, https:\/\/blsgruppe.com\/wp-content\/uploads\/2023\/08\/aviation_spare_parts.jpg 1118w\" sizes=\"auto, (max-width: 706px) 89vw, (max-width: 767px) 82vw, 740px\" \/><\/figure>\n\n\n\n<p>Nuestro departamento de vuelos ch\u00e1rter estar\u00e1 encantado de organizar vuelos ch\u00e1rter individuales para usted, as\u00ed como contratos ch\u00e1rter para periodos cortos y largos. Desde aviones turboh\u00e9lice, jets privados y helic\u00f3pteros hasta aviones de l\u00ednea, cargueros, vuelos m\u00e9dicos o aviones especiales para todo tipo de operaciones, incluso en zonas de crisis.<\/p>\n\n\n\n<p>Estamos familiarizados con las siguientes marcas:<\/p>\n\n\n\n<p>AIRBUS \/ AIRBUS HELICOPTERS \/ ATR \/ AGUSTAWESTLAND \/ BAE \/ BEECHCRAFT \/ BELL \/ BOEING \/ BOMBARDIER \/ CESSNA \/ EMBRAER \/ EUROCOPTER \/ FALCON DASSAULT \/ FOKKER \/ GULFSTREAM \/ HAWKER \/ LEARJET\/ LEONARDO \/ MCDONNELL DOUGLAS \/ MIL \/ SIKORSKY \/ GENERAL ELECTRIC \/ HONEYWELL \/ LOCKHEED MARTIN \/ NORTHROP GRUMMAN \/ RAYTHEON \/ ROLLS ROYCE \/ SAFRAN \/ TEXTRON \/ UNITED TECHNOLOGIES<\/p>\n\n\n\n<hr class=\"wp-block-separator has-alpha-channel-opacity is-style-wide\"\/>\n\n\n\n<p>FR:<\/p>\n\n\n\n<p>Qu&#8217;il s&#8217;agisse d&#8217;avions, d&#8217;h\u00e9licopt\u00e8res, d&#8217;accessoires ou de pi\u00e8ces d\u00e9tach\u00e9es, nous vous procurons l&#8217;\u00e9quipement que vous recherchez \u00e0 des prix comp\u00e9titifs. Nous travaillons dans ce domaine depuis plus de 20 ans pour des clients priv\u00e9s, des entreprises et des administrations.<\/p>\n\n\n\n<figure class=\"wp-block-image size-large\"><img loading=\"lazy\" decoding=\"async\" width=\"1024\" height=\"457\" src=\"https:\/\/blsgruppe.com\/wp-content\/uploads\/2023\/08\/aviation_spare_parts-1024x457.jpg\" alt=\"\" class=\"wp-image-373\" srcset=\"https:\/\/blsgruppe.com\/wp-content\/uploads\/2023\/08\/aviation_spare_parts-1024x457.jpg 1024w, https:\/\/blsgruppe.com\/wp-content\/uploads\/2023\/08\/aviation_spare_parts-300x134.jpg 300w, https:\/\/blsgruppe.com\/wp-content\/uploads\/2023\/08\/aviation_spare_parts-768x343.jpg 768w, https:\/\/blsgruppe.com\/wp-content\/uploads\/2023\/08\/aviation_spare_parts.jpg 1118w\" sizes=\"auto, (max-width: 706px) 89vw, (max-width: 767px) 82vw, 740px\" \/><\/figure>\n\n\n\n<p>Notre d\u00e9partement charter se fera un plaisir de vous procurer des vols charter individuels, ainsi que des contrats d&#8217;affr\u00e8tement pour des p\u00e9riodes courtes ou longues. De l&#8217;avion turbopropulseur, du jet priv\u00e9, de l&#8217;h\u00e9licopt\u00e8re jusqu&#8217;aux avions de ligne, cargos, vols m\u00e9dicaux ou machines sp\u00e9ciales pour tous les types de missions, y compris dans les zones de crise.<\/p>\n\n\n\n<p>Nous sommes familiers avec les marques suivantes :<\/p>\n\n\n\n<p>AIRBUS \/ AIRBUS HELICOPTERS \/ ATR \/ AGUSTAWESTLAND \/ BAE \/ BEECHCRAFT \/ BELL \/ BOEING \/ BOMBARDIER \/ CESSNA \/ EMBRAER \/ EUROCOPTER \/ FALCON DASSAULT \/ FOKKER \/ GULFSTREAM \/ HAWKER \/ LEARJET\/ LEONARDO \/ MCDONNELL DOUGLAS \/ MIL \/ SIKORSKY \/ GENERAL ELECTRIC \/ HONEYWELL \/ LOCKHEED MARTIN \/ NORTHROP GRUMMAN \/ RAYTHEON \/ ROLLS ROYCE \/ SAFRAN \/ TEXTRON \/ UNITED TECHNOLOGIES<\/p>\n\n\n\n<hr class=\"wp-block-separator has-alpha-channel-opacity is-style-wide\"\/>\n\n\n\n<p>RU:<\/p>\n\n\n\n<p>\u0421\u0430\u043c\u043e\u043b\u0435\u0442\u044b, \u0432\u0435\u0440\u0442\u043e\u043b\u0435\u0442\u044b, \u0430\u043a\u0441\u0435\u0441\u0441\u0443\u0430\u0440\u044b \u0438\u043b\u0438 \u0437\u0430\u043f\u0430\u0441\u043d\u044b\u0435 \u0447\u0430\u0441\u0442\u0438 &#8211; \u043c\u044b \u0437\u0430\u043a\u0443\u043f\u0430\u0435\u043c \u043d\u0435\u043e\u0431\u0445\u043e\u0434\u0438\u043c\u043e\u0435 \u0432\u0430\u043c \u043e\u0431\u043e\u0440\u0443\u0434\u043e\u0432\u0430\u043d\u0438\u0435 \u043f\u043e \u0432\u044b\u0433\u043e\u0434\u043d\u044b\u043c \u0446\u0435\u043d\u0430\u043c. \u041c\u044b \u0440\u0430\u0431\u043e\u0442\u0430\u0435\u043c \u0432 \u044d\u0442\u043e\u0439 \u0441\u0444\u0435\u0440\u0435 \u0443\u0436\u0435 \u0431\u043e\u043b\u0435\u0435 20 \u043b\u0435\u0442 \u0434\u043b\u044f \u0447\u0430\u0441\u0442\u043d\u044b\u0445 \u043a\u043b\u0438\u0435\u043d\u0442\u043e\u0432, \u043a\u043e\u043c\u043f\u0430\u043d\u0438\u0439 \u0438 \u043e\u0440\u0433\u0430\u043d\u043e\u0432 \u0432\u043b\u0430\u0441\u0442\u0438.<\/p>\n\n\n\n<figure class=\"wp-block-image size-large\"><img loading=\"lazy\" decoding=\"async\" width=\"1024\" height=\"458\" src=\"https:\/\/blsgruppe.com\/wp-content\/uploads\/2023\/05\/aircrafts-1024x458.png\" alt=\"\" class=\"wp-image-139\" srcset=\"https:\/\/blsgruppe.com\/wp-content\/uploads\/2023\/05\/aircrafts-1024x458.png 1024w, https:\/\/blsgruppe.com\/wp-content\/uploads\/2023\/05\/aircrafts-300x134.png 300w, https:\/\/blsgruppe.com\/wp-content\/uploads\/2023\/05\/aircrafts-768x343.png 768w, https:\/\/blsgruppe.com\/wp-content\/uploads\/2023\/05\/aircrafts.png 1110w\" sizes=\"auto, (max-width: 706px) 89vw, (max-width: 767px) 82vw, 740px\" \/><\/figure>\n\n\n\n<p>\u041d\u0430\u0448 \u0447\u0430\u0440\u0442\u0435\u0440\u043d\u044b\u0439 \u043e\u0442\u0434\u0435\u043b \u0431\u0443\u0434\u0435\u0442 \u0440\u0430\u0434 \u043e\u0440\u0433\u0430\u043d\u0438\u0437\u043e\u0432\u0430\u0442\u044c \u0434\u043b\u044f \u0432\u0430\u0441 \u0438\u043d\u0434\u0438\u0432\u0438\u0434\u0443\u0430\u043b\u044c\u043d\u044b\u0435 \u0447\u0430\u0440\u0442\u0435\u0440\u043d\u044b\u0435 \u0440\u0435\u0439\u0441\u044b, \u0430 \u0442\u0430\u043a\u0436\u0435 \u0447\u0430\u0440\u0442\u0435\u0440\u043d\u044b\u0435 \u043a\u043e\u043d\u0442\u0440\u0430\u043a\u0442\u044b \u043d\u0430 \u043a\u043e\u0440\u043e\u0442\u043a\u0438\u0435 \u0438 \u0434\u043b\u0438\u0442\u0435\u043b\u044c\u043d\u044b\u0435 \u043f\u0435\u0440\u0438\u043e\u0434\u044b. \u041e\u0442 \u0442\u0443\u0440\u0431\u043e\u0432\u0438\u043d\u0442\u043e\u0432\u044b\u0445 \u0441\u0430\u043c\u043e\u043b\u0435\u0442\u043e\u0432, \u0447\u0430\u0441\u0442\u043d\u044b\u0445 \u0441\u0430\u043c\u043e\u043b\u0435\u0442\u043e\u0432 \u0438 \u0432\u0435\u0440\u0442\u043e\u043b\u0435\u0442\u043e\u0432 \u0434\u043e \u0440\u0435\u0433\u0443\u043b\u044f\u0440\u043d\u044b\u0445 \u0441\u0430\u043c\u043e\u043b\u0435\u0442\u043e\u0432, \u0433\u0440\u0443\u0437\u043e\u0432\u044b\u0445 \u0441\u0430\u043c\u043e\u043b\u0435\u0442\u043e\u0432, \u043c\u0435\u0434\u0438\u0446\u0438\u043d\u0441\u043a\u0438\u0445 \u0440\u0435\u0439\u0441\u043e\u0432 \u0438 \u0441\u043f\u0435\u0446\u0438\u0430\u043b\u044c\u043d\u044b\u0445 \u0441\u0430\u043c\u043e\u043b\u0435\u0442\u043e\u0432 \u0434\u043b\u044f \u0432\u0441\u0435\u0445 \u0442\u0438\u043f\u043e\u0432 \u043e\u043f\u0435\u0440\u0430\u0446\u0438\u0439, \u0432 \u0442\u043e\u043c \u0447\u0438\u0441\u043b\u0435 \u0432 \u043a\u0440\u0438\u0437\u0438\u0441\u043d\u044b\u0445 \u0437\u043e\u043d\u0430\u0445.<\/p>\n\n\n\n<p>\u041c\u044b \u0437\u043d\u0430\u043a\u043e\u043c\u044b \u0441\u043e \u0441\u043b\u0435\u0434\u0443\u044e\u0449\u0438\u043c\u0438 \u043c\u0430\u0440\u043a\u0430\u043c\u0438:<\/p>\n\n\n\n<p>AIRBUS \/ AIRBUS HELICOPTERS \/ ATR \/ AGUSTAWESTLAND \/ BAE \/ BEECHCRAFT \/ BELL \/ BOEING \/ BOMBARDIER \/ CESSNA \/ EMBRAER \/ EUROCOPTER \/ FALCON DASSAULT \/ FOKKER \/ GULFSTREAM \/ HAWKER \/ LEARJET\/ LEONARDO \/ MCDONNELL DOUGLAS \/ MIL \/ SIKORSKY \/ GENERAL ELECTRIC \/ HONEYWELL \/ LOCKHEED MARTIN \/ NORTHROP GRUMMAN \/ RAYTHEON \/ ROLLS ROYCE \/ SAFRAN \/ TEXTRON \/ UNITED TECHNOLOGIES<\/p>\n\n\n\n<hr class=\"wp-block-separator has-alpha-channel-opacity is-style-wide\"\/>\n\n\n\n<p>AR:<\/p>\n\n\n\n<p>\u0633\u0648\u0627\u0621 \u0643\u0627\u0646\u062a \u0637\u0627\u0626\u0631\u0627\u062a \u0623\u0648 \u0637\u0627\u0626\u0631\u0627\u062a \u0647\u0644\u064a\u0643\u0648\u0628\u062a\u0631 \u0623\u0648 \u0645\u0644\u062d\u0642\u0627\u062a\u0647\u0627 \u0623\u0648 \u0642\u0637\u0639 \u063a\u064a\u0627\u0631\u0647\u0627 &#8211; \u0646\u062d\u0646 \u0646\u0634\u062a\u0631\u064a \u0627\u0644\u0645\u0639\u062f\u0627\u062a \u0627\u0644\u062a\u064a \u062a\u062d\u062a\u0627\u062c\u0647\u0627 \u0628\u0623\u0633\u0639\u0627\u0631 \u062a\u0646\u0627\u0641\u0633\u064a\u0629. \u0646\u062d\u0646 \u0646\u0639\u0645\u0644 \u0641\u064a \u0647\u0630\u0627 \u0627\u0644\u0645\u062c\u0627\u0644 \u0645\u0646\u0630 \u0623\u0643\u062b\u0631 \u0645\u0646 20 \u0639\u0627\u0645\u0627\u064b \u0644\u0635\u0627\u0644\u062d \u0639\u0645\u0644\u0627\u0621 \u0645\u0646 \u0627\u0644\u0642\u0637\u0627\u0639 \u0627\u0644\u062e\u0627\u0635 \u0648\u0627\u0644\u0634\u0631\u0643\u0627\u062a \u0648\u0627\u0644\u0647\u064a\u0626\u0627\u062a.<\/p>\n\n\n\n<figure class=\"wp-block-image size-large\"><img loading=\"lazy\" decoding=\"async\" width=\"1024\" height=\"458\" src=\"https:\/\/blsgruppe.com\/wp-content\/uploads\/2023\/05\/aircrafts-1024x458.png\" alt=\"\" class=\"wp-image-139\" srcset=\"https:\/\/blsgruppe.com\/wp-content\/uploads\/2023\/05\/aircrafts-1024x458.png 1024w, https:\/\/blsgruppe.com\/wp-content\/uploads\/2023\/05\/aircrafts-300x134.png 300w, https:\/\/blsgruppe.com\/wp-content\/uploads\/2023\/05\/aircrafts-768x343.png 768w, https:\/\/blsgruppe.com\/wp-content\/uploads\/2023\/05\/aircrafts.png 1110w\" sizes=\"auto, (max-width: 706px) 89vw, (max-width: 767px) 82vw, 740px\" \/><\/figure>\n\n\n\n<p>\u0633\u064a\u0633\u0639\u062f \u0642\u0633\u0645 \u062a\u0623\u062c\u064a\u0631 \u0627\u0644\u0637\u0627\u0626\u0631\u0627\u062a \u0644\u062f\u064a\u0646\u0627 \u0628\u062a\u0631\u062a\u064a\u0628 \u0631\u062d\u0644\u0627\u062a \u0637\u064a\u0631\u0627\u0646 \u0645\u0633\u062a\u0623\u062c\u0631\u0629 \u0641\u0631\u062f\u064a\u0629 \u0644\u0643\u060c \u0628\u0627\u0644\u0625\u0636\u0627\u0641\u0629 \u0625\u0644\u0649 \u0639\u0642\u0648\u062f \u0627\u0633\u062a\u0626\u062c\u0627\u0631 \u0627\u0644\u0637\u0627\u0626\u0631\u0627\u062a \u0644\u0641\u062a\u0631\u0627\u062a \u0642\u0635\u064a\u0631\u0629 \u0648\u0637\u0648\u064a\u0644\u0629. \u0628\u062f\u0621\u0627\u064b \u0645\u0646 \u0627\u0644\u0637\u0627\u0626\u0631\u0627\u062a \u0630\u0627\u062a \u0627\u0644\u0645\u062d\u0631\u0643\u0627\u062a \u0627\u0644\u062a\u0648\u0631\u0628\u064a\u0646\u064a\u0629 \u0648\u0627\u0644\u0637\u0627\u0626\u0631\u0627\u062a \u0627\u0644\u0646\u0641\u0627\u062b\u0629 \u0627\u0644\u062e\u0627\u0635\u0629 \u0648\u0627\u0644\u0637\u0627\u0626\u0631\u0627\u062a \u0627\u0644\u0639\u0645\u0648\u062f\u064a\u0629 \u0625\u0644\u0649 \u0627\u0644\u0637\u0627\u0626\u0631\u0627\u062a \u0627\u0644\u0645\u062c\u062f\u0648\u0644\u0629 \u0648\u0637\u0627\u0626\u0631\u0627\u062a \u0627\u0644\u0634\u062d\u0646 \u0648\u0627\u0644\u0631\u062d\u0644\u0627\u062a \u0627\u0644\u0637\u0628\u064a\u0629 \u0623\u0648 \u0627\u0644\u0637\u0627\u0626\u0631\u0627\u062a \u0627\u0644\u062e\u0627\u0635\u0629 \u0644\u062c\u0645\u064a\u0639 \u0623\u0646\u0648\u0627\u0639 \u0627\u0644\u0639\u0645\u0644\u064a\u0627\u062a\u060c \u0628\u0645\u0627 \u0641\u064a \u0630\u0644\u0643 \u0641\u064a \u0645\u0646\u0627\u0637\u0642 \u0627\u0644\u0623\u0632\u0645\u0627\u062a.<\/p>\n\n\n\n<p>\u0646\u062d\u0646 \u0639\u0644\u0649 \u062f\u0631\u0627\u064a\u0629 \u0628\u0627\u0644\u0639\u0644\u0627\u0645\u0627\u062a \u0627\u0644\u062a\u062c\u0627\u0631\u064a\u0629 \u0627\u0644\u062a\u0627\u0644\u064a\u0629:<\/p>\n\n\n\n<p>AIRBUS \/ AIRBUS HELICOPTERS \/ ATR \/ AGUSTAWESTLAND \/ BAE \/ BEECHCRAFT \/ BELL \/ BOEING \/ BOMBARDIER \/ CESSNA \/ EMBRAER \/ EUROCOPTER \/ FALCON DASSAULT \/ FOKKER \/ GULFSTREAM \/ HAWKER \/ LEARJET\/ LEONARDO \/ MCDONNELL DOUGLAS \/ MIL \/ SIKORSKY \/ GENERAL ELECTRIC \/ HONEYWELL \/ LOCKHEED MARTIN \/ NORTHROP GRUMMAN \/ RAYTHEON \/ ROLLS ROYCE \/ SAFRAN \/ TEXTRON \/ UNITED TECHNOLOGIES<\/p>\n","protected":false},"excerpt":{"rendered":"<p>Luftfahrzeuge Seit \u00fcber 20 Jahren sind wir in der Luftfahrt t\u00e4tig. Wir sind in der Lage eine Vielzahl gefragter Luftfahrzeuge, Ersatzteile und Dienstleistungen zu beschaffen und zu vermitteln. Ausf\u00fchrliche Informationen finden Sie auf unserer Webseite. Ob Flugzeuge, Hubschrauber, Zubeh\u00f6r oder Ersatzteile \u2013 wir beschaffen Ihnen das gesuchte Equipment zu wettbewerbsf\u00e4higen Preisen. Wir arbeiten in diesem &hellip; <\/p>\n<p class=\"link-more\"><a href=\"https:\/\/blsgruppe.com\/?page_id=13\" class=\"more-link\"><span class=\"screen-reader-text\">\u201e\u201c<\/span> weiterlesen<\/a><\/p>\n","protected":false},"author":1,"featured_media":0,"parent":0,"menu_order":0,"comment_status":"closed","ping_status":"closed","template":"","meta":{"footnotes":""},"class_list":["post-13","page","type-page","status-publish","hentry"],"_links":{"self":[{"href":"https:\/\/blsgruppe.com\/index.php?rest_route=\/wp\/v2\/pages\/13","targetHints":{"allow":["GET"]}}],"collection":[{"href":"https:\/\/blsgruppe.com\/index.php?rest_route=\/wp\/v2\/pages"}],"about":[{"href":"https:\/\/blsgruppe.com\/index.php?rest_route=\/wp\/v2\/types\/page"}],"author":[{"embeddable":true,"href":"https:\/\/blsgruppe.com\/index.php?rest_route=\/wp\/v2\/users\/1"}],"replies":[{"embeddable":true,"href":"https:\/\/blsgruppe.com\/index.php?rest_route=%2Fwp%2Fv2%2Fcomments&post=13"}],"version-history":[{"count":68,"href":"https:\/\/blsgruppe.com\/index.php?rest_route=\/wp\/v2\/pages\/13\/revisions"}],"predecessor-version":[{"id":2751,"href":"https:\/\/blsgruppe.com\/index.php?rest_route=\/wp\/v2\/pages\/13\/revisions\/2751"}],"wp:attachment":[{"href":"https:\/\/blsgruppe.com\/index.php?rest_route=%2Fwp%2Fv2%2Fmedia&parent=13"}],"curies":[{"name":"wp","href":"https:\/\/api.w.org\/{rel}","templated":true}]}}