{"id":14,"date":"2023-05-03T19:19:26","date_gmt":"2023-05-03T19:19:26","guid":{"rendered":"https:\/\/blsgruppe.com\/?page_id=14"},"modified":"2025-11-07T15:13:39","modified_gmt":"2025-11-07T15:13:39","slug":"industry","status":"publish","type":"page","link":"https:\/\/blsgruppe.com\/?page_id=14","title":{"rendered":"INDUSTRIES"},"content":{"rendered":"\n<hr class=\"wp-block-separator has-alpha-channel-opacity\"\/>\n\n\n\n<h1 class=\"wp-block-heading\" style=\"font-size:16px\"><strong>Vehicles, special purpose vehicles and accessories, machinery &amp; equipment, energy products<\/strong><\/h1>\n\n\n\n<p style=\"font-size:16px\">Welcome to our internationally well-connected consulting, procurement and brokerage company based in Berlin.<\/p>\n\n\n\n<p style=\"font-size:16px\">Would you like to contact us directly? Here you will find all details. <a href=\"https:\/\/blsgruppe.com\/?page_id=84\"><strong> Contact<\/strong><\/a> <\/p>\n\n\n\n<hr class=\"wp-block-separator has-alpha-channel-opacity\"\/>\n\n\n\n<h2 class=\"wp-block-heading\"><strong>VEHICLES &amp; ACCESSORIES<\/strong><\/h2>\n\n\n\n<figure class=\"wp-block-image\"><img loading=\"lazy\" decoding=\"async\" width=\"1024\" height=\"665\" src=\"https:\/\/blsgruppe.com\/wp-content\/uploads\/2024\/08\/cropped-mercedes_arocs-1024x665.jpg\" alt=\"\" class=\"wp-image-2220\" srcset=\"https:\/\/blsgruppe.com\/wp-content\/uploads\/2024\/08\/cropped-mercedes_arocs-1024x665.jpg 1024w, https:\/\/blsgruppe.com\/wp-content\/uploads\/2024\/08\/cropped-mercedes_arocs-300x195.jpg 300w, https:\/\/blsgruppe.com\/wp-content\/uploads\/2024\/08\/cropped-mercedes_arocs-768x499.jpg 768w, https:\/\/blsgruppe.com\/wp-content\/uploads\/2024\/08\/cropped-mercedes_arocs-1536x998.jpg 1536w, https:\/\/blsgruppe.com\/wp-content\/uploads\/2024\/08\/cropped-mercedes_arocs.jpg 2000w\" sizes=\"auto, (max-width: 706px) 89vw, (max-width: 767px) 82vw, 740px\" \/><\/figure>\n\n\n\n<figure class=\"wp-block-image\"><img loading=\"lazy\" decoding=\"async\" width=\"1023\" height=\"530\" src=\"https:\/\/blsgruppe.com\/wp-content\/uploads\/2024\/08\/titan_spezial_truck.jpg\" alt=\"\" class=\"wp-image-2112\" srcset=\"https:\/\/blsgruppe.com\/wp-content\/uploads\/2024\/08\/titan_spezial_truck.jpg 1023w, https:\/\/blsgruppe.com\/wp-content\/uploads\/2024\/08\/titan_spezial_truck-300x155.jpg 300w, https:\/\/blsgruppe.com\/wp-content\/uploads\/2024\/08\/titan_spezial_truck-768x398.jpg 768w\" sizes=\"auto, (max-width: 706px) 89vw, (max-width: 767px) 82vw, 740px\" \/><\/figure>\n\n\n\n<figure class=\"wp-block-image\"><img loading=\"lazy\" decoding=\"async\" width=\"882\" height=\"617\" src=\"https:\/\/blsgruppe.com\/wp-content\/uploads\/2024\/06\/beton4.jpg\" alt=\"\" class=\"wp-image-1614\" srcset=\"https:\/\/blsgruppe.com\/wp-content\/uploads\/2024\/06\/beton4.jpg 882w, https:\/\/blsgruppe.com\/wp-content\/uploads\/2024\/06\/beton4-300x210.jpg 300w, https:\/\/blsgruppe.com\/wp-content\/uploads\/2024\/06\/beton4-768x537.jpg 768w\" sizes=\"auto, (max-width: 706px) 89vw, (max-width: 767px) 82vw, 740px\" \/><\/figure>\n\n\n\n<h2 class=\"wp-block-heading\"><strong>Vehicles and special vehicles<\/strong><\/h2>\n\n\n\n<p>We procure cars, trucks, commercial vehicles, cranes, construction vehicles, concrete mixers, tracked vehicles, tractors, and trailers, as well as special purposes, heavy-duty transporters, and amphibious vehicles. Whether land, air or sea vehicles <strong><a href=\"https:\/\/blsgruppe.com\/?page_id=435\" target=\"_blank\" rel=\"noreferrer noopener\">more<\/a><\/strong><\/p>\n\n\n\n<figure class=\"wp-block-image\"><img loading=\"lazy\" decoding=\"async\" width=\"890\" height=\"401\" src=\"https:\/\/blsgruppe.com\/wp-content\/uploads\/2024\/11\/maybach10.jpg\" alt=\"\" class=\"wp-image-2853\" srcset=\"https:\/\/blsgruppe.com\/wp-content\/uploads\/2024\/11\/maybach10.jpg 890w, https:\/\/blsgruppe.com\/wp-content\/uploads\/2024\/11\/maybach10-300x135.jpg 300w, https:\/\/blsgruppe.com\/wp-content\/uploads\/2024\/11\/maybach10-768x346.jpg 768w\" sizes=\"auto, (max-width: 706px) 89vw, (max-width: 767px) 82vw, 740px\" \/><\/figure>\n\n\n\n<p>Currently available: Mercedes S680 Maybach Guard<\/p>\n\n\n\n<figure class=\"wp-block-image\"><a href=\"https:\/\/blsgruppe.com\/?page_id=734\" target=\"_blank\" rel=\"noreferrer noopener\"><img loading=\"lazy\" decoding=\"async\" width=\"811\" height=\"437\" src=\"https:\/\/blsgruppe.com\/wp-content\/uploads\/2024\/05\/toyota_landcruiser_security_car.jpg\" alt=\"\" class=\"wp-image-1461\" srcset=\"https:\/\/blsgruppe.com\/wp-content\/uploads\/2024\/05\/toyota_landcruiser_security_car.jpg 811w, https:\/\/blsgruppe.com\/wp-content\/uploads\/2024\/05\/toyota_landcruiser_security_car-300x162.jpg 300w, https:\/\/blsgruppe.com\/wp-content\/uploads\/2024\/05\/toyota_landcruiser_security_car-768x414.jpg 768w\" sizes=\"auto, (max-width: 706px) 89vw, (max-width: 767px) 82vw, 740px\" \/><\/a><\/figure>\n\n\n\n<h2 class=\"wp-block-heading\">Safety vehicles<\/h2>\n\n\n\n<p>of various security classes (e.g. BR6, VR7, VR9) and manufacturers such as Audi, Mercedes, BMW, RangeRover, Toyota, Cadillac. Limousines, SUVs, pick-ups, cash transporters. We procure and deliver worldwide. You can find available vehicles on our info page.<\/p>\n\n\n\n<h2 class=\"wp-block-heading\">Vehicle purchase, transportation and shipping<\/h2>\n\n\n\n<p>We offer you a complete solution for your vehicle shipment. Whether vehicle transporter (RoRo) or container shipping <strong><a href=\"https:\/\/blsgruppe.com\/?page_id=1966\">more<\/a><\/strong><\/p>\n\n\n\n<figure class=\"wp-block-image\"><a href=\"https:\/\/blscharter.de\"><img loading=\"lazy\" decoding=\"async\" width=\"1024\" height=\"451\" src=\"https:\/\/blsgruppe.com\/wp-content\/uploads\/2024\/07\/cartransport_germany_egypt-2-1024x451-1.jpg\" alt=\"\" class=\"wp-image-1972\" srcset=\"https:\/\/blsgruppe.com\/wp-content\/uploads\/2024\/07\/cartransport_germany_egypt-2-1024x451-1.jpg 1024w, https:\/\/blsgruppe.com\/wp-content\/uploads\/2024\/07\/cartransport_germany_egypt-2-1024x451-1-300x132.jpg 300w, https:\/\/blsgruppe.com\/wp-content\/uploads\/2024\/07\/cartransport_germany_egypt-2-1024x451-1-768x338.jpg 768w\" sizes=\"auto, (max-width: 706px) 89vw, (max-width: 767px) 82vw, 740px\" \/><\/a><\/figure>\n\n\n\n<p>.<\/p>\n\n\n\n<figure class=\"wp-block-image\"><img loading=\"lazy\" decoding=\"async\" width=\"1015\" height=\"385\" src=\"https:\/\/blsgruppe.com\/wp-content\/uploads\/2024\/07\/oem_spareparts_for_sale.png\" alt=\"\" class=\"wp-image-1793\" srcset=\"https:\/\/blsgruppe.com\/wp-content\/uploads\/2024\/07\/oem_spareparts_for_sale.png 1015w, https:\/\/blsgruppe.com\/wp-content\/uploads\/2024\/07\/oem_spareparts_for_sale-300x114.png 300w, https:\/\/blsgruppe.com\/wp-content\/uploads\/2024\/07\/oem_spareparts_for_sale-768x291.png 768w\" sizes=\"auto, (max-width: 706px) 89vw, (max-width: 767px) 82vw, 740px\" \/><\/figure>\n\n\n\n<p>We supply OEM spare parts and tuning accessories for cars, commercial vehicles and trucks of various brands <strong><a href=\"https:\/\/blsgruppe.com\/?page_id=435\" target=\"_blank\" rel=\"noreferrer noopener\">more<\/a><\/strong><\/p>\n\n\n\n<hr class=\"wp-block-separator has-alpha-channel-opacity\"\/>\n\n\n\n<h2 class=\"wp-block-heading\"><strong>Energy<\/strong><\/h2>\n\n\n\n<figure class=\"wp-block-image\"><img loading=\"lazy\" decoding=\"async\" width=\"779\" height=\"215\" src=\"https:\/\/blsgruppe.com\/wp-content\/uploads\/2024\/10\/speicher_neu2_lang.jpg\" alt=\"\" class=\"wp-image-2683\" srcset=\"https:\/\/blsgruppe.com\/wp-content\/uploads\/2024\/10\/speicher_neu2_lang.jpg 779w, https:\/\/blsgruppe.com\/wp-content\/uploads\/2024\/10\/speicher_neu2_lang-300x83.jpg 300w, https:\/\/blsgruppe.com\/wp-content\/uploads\/2024\/10\/speicher_neu2_lang-768x212.jpg 768w\" sizes=\"auto, (max-width: 706px) 89vw, (max-width: 767px) 82vw, 740px\" \/><\/figure>\n\n\n\n<h2 class=\"wp-block-heading\" style=\"font-size:18px\"><strong>Energy Storage Systems<\/strong><\/h2>\n\n\n\n<p style=\"font-size:16px\">There is overcapacity in the production of energy. Valuable energy resources are not used and could be used or sold at peak times. We procure commercial energy storage systems of various sizes. From storage cabinets to 20\u2033 and 40\u2033 container systems that can be combined (example: 0.5 -1,075 MWh, temperature range -30 to +60 degrees, size: 6096x 2438x 2896mm) <strong><a href=\"https:\/\/blsgruppe.com\/?page_id=2726\" target=\"_blank\" rel=\"noreferrer noopener\">more<\/a><\/strong><\/p>\n\n\n\n<figure class=\"wp-block-image\"><a href=\"https:\/\/blsgruppe.com\/?page_id=631\" target=\"_blank\" rel=\"noreferrer noopener\"><img loading=\"lazy\" decoding=\"async\" width=\"463\" height=\"291\" src=\"https:\/\/blsgruppe.com\/wp-content\/uploads\/2024\/01\/solarzellen-1024x323-1-1.jpg\" alt=\"Unser Bereich Dissenting Energy liefert paletten- und containerweise Solarpanele diverser Hersteller. Wir sind nicht Markengebunden. Unter anderem liefern wir Solarzellen und Panele der Marken Astronergy, Trina, Canadien, Risen und Tongwei. Auf Wunsch stellen wir auch komplette Insell\u00f6sungen zusammen und \u00fcbernehmen die Planung f\u00fcr Ihr Projekt.\" class=\"wp-image-974\" srcset=\"https:\/\/blsgruppe.com\/wp-content\/uploads\/2024\/01\/solarzellen-1024x323-1-1.jpg 463w, https:\/\/blsgruppe.com\/wp-content\/uploads\/2024\/01\/solarzellen-1024x323-1-1-300x189.jpg 300w\" sizes=\"auto, (max-width: 463px) 100vw, 463px\" \/><\/a><\/figure>\n\n\n\n<h2 class=\"wp-block-heading\"><strong>Solar Panels<\/strong><\/h2>\n\n\n\n<p>We supply solar panels from various manufacturers in wholesale quantities. If required, we can also procure complete stand-alone solutions and take on the planning of your small and large-scale projects <strong><a href=\"https:\/\/blsgruppe.com\/?page_id=631\">weiter<\/a><\/strong><\/p>\n\n\n\n<h2 class=\"wp-block-heading\"><strong>Power Plants<\/strong><\/h2>\n\n\n\n<p>We procure technically up-to-date gas, oil and coal-fired power plants. The future belongs to green energy, whether solar, wind, hydrogen or hydropower, but\u2026 <strong><a href=\"https:\/\/blsgruppe.com\/?page_id=430\">more<\/a><\/strong><\/p>\n\n\n\n<figure class=\"wp-block-image\"><a href=\"https:\/\/blsgruppe.com\/?page_id=430\" target=\"_blank\" rel=\"noreferrer noopener\"><img loading=\"lazy\" decoding=\"async\" width=\"704\" height=\"552\" src=\"https:\/\/blsgruppe.com\/wp-content\/uploads\/2024\/01\/kraftwerk-1024x597-1.jpg\" alt=\"Gr\u00fcne Energie, ob Solar- Wind- oder Wasserkraftwerken sind die Zukunft. Trotzdem werden wir noch eine l\u00e4ngere Zeit auf fossile Energietr\u00e4ger zur\u00fcckgreifen m\u00fcssen, um unseren immer gr\u00f6\u00dfer werdenden Strombedarf zu decken. Wir bieten im Kundenauftrag zwei gebrauchte sowie ein noch nie genutztes Gaskraftwerk an. Zwei Kohlekraftwerke, die sich auf dem aktuellen Stand der Technik befinden, runden unser Angebot ab. Eine fachgerechte Demontage und Montage kann organisiert werden. \" class=\"wp-image-922\" srcset=\"https:\/\/blsgruppe.com\/wp-content\/uploads\/2024\/01\/kraftwerk-1024x597-1.jpg 704w, https:\/\/blsgruppe.com\/wp-content\/uploads\/2024\/01\/kraftwerk-1024x597-1-300x235.jpg 300w\" sizes=\"auto, (max-width: 704px) 100vw, 704px\" \/><\/a><\/figure>\n\n\n\n<hr class=\"wp-block-separator has-alpha-channel-opacity\"\/>\n\n\n\n<h2 class=\"wp-block-heading\"><strong>MACHINES &amp; SYSTEMS<\/strong><\/h2>\n\n\n\n<h2 class=\"wp-block-heading\"><strong>Large systems<\/strong><\/h2>\n\n\n\n<p>Whether refinery, power plant, recycling plant, milk processing plant or other projects. We provide plants to the best possible technical standard. Worldwide dismantling and assembly <strong><a href=\"https:\/\/blsgruppe.com\/?page_id=84\">more<\/a><\/strong><\/p>\n\n\n\n<figure class=\"wp-block-image\"><img loading=\"lazy\" decoding=\"async\" width=\"455\" height=\"518\" src=\"https:\/\/blsgruppe.com\/wp-content\/uploads\/2024\/10\/jenbacher_generator_j624_new.jpg\" alt=\"\" class=\"wp-image-2641\" srcset=\"https:\/\/blsgruppe.com\/wp-content\/uploads\/2024\/10\/jenbacher_generator_j624_new.jpg 455w, https:\/\/blsgruppe.com\/wp-content\/uploads\/2024\/10\/jenbacher_generator_j624_new-264x300.jpg 264w\" sizes=\"auto, (max-width: 455px) 100vw, 455px\" \/><\/figure>\n\n\n\n<figure class=\"wp-block-image\"><a href=\"https:\/\/blsgruppe.com\/?page_id=428\" target=\"_blank\" rel=\"noreferrer noopener\"><img loading=\"lazy\" decoding=\"async\" width=\"1024\" height=\"771\" src=\"https:\/\/blsgruppe.com\/wp-content\/uploads\/2023\/08\/engines_generator_shipdiesel-1024x771.jpg\" alt=\"Wir beschaffen Motoren, Generatoren, Schiffsmotoren sowie deren Ersatzteile. Darunter Marken wie CATERPILLAR, JENBACHER, HYUNDAI-MAN, WARTSILA, CUMMINS, DAIHATSU, YANMAR, MAK, DORMAN, STX MAN, ABB, MTU, ROLLS ROYCE BERGEN, HIMSEN. Aktuelles Verkaufsangebot: Caterpillar 3516C Dieselgenerator. Baujahr 2014, neuwertig, 2500KVA\/ 690V\/ 60Hz. Weitere Marken auf Anfrage.\" class=\"wp-image-343\" srcset=\"https:\/\/blsgruppe.com\/wp-content\/uploads\/2023\/08\/engines_generator_shipdiesel-1024x771.jpg 1024w, https:\/\/blsgruppe.com\/wp-content\/uploads\/2023\/08\/engines_generator_shipdiesel-300x226.jpg 300w, https:\/\/blsgruppe.com\/wp-content\/uploads\/2023\/08\/engines_generator_shipdiesel-768x578.jpg 768w, https:\/\/blsgruppe.com\/wp-content\/uploads\/2023\/08\/engines_generator_shipdiesel.jpg 1084w\" sizes=\"auto, (max-width: 706px) 89vw, (max-width: 767px) 82vw, 740px\" \/><\/a><\/figure>\n\n\n\n<h2 class=\"wp-block-heading\"><strong>Motors and generators<\/strong><\/h2>\n\n\n\n<p>We procure and supply motors, generators, marine engines and spare parts worldwide, including the brands CATERPILLAR, JENBACHER, HYUNDAI-MAN, WARTSILA, CUMMINS, DAIHATSU, YANMAR, MAK, DORMAN, STX MAN, ABB, MTU, ROLLS ROYCE BERGEN, HIMSEN <strong><a href=\"https:\/\/blsgruppe.com\/?page_id=428\">more<\/a><\/strong><\/p>\n\n\n\n<figure class=\"wp-block-image\"><img loading=\"lazy\" decoding=\"async\" width=\"1001\" height=\"349\" src=\"https:\/\/blsgruppe.com\/wp-content\/uploads\/2024\/07\/industriemotore_ersatzteile_start-1-1024x374-1.png\" alt=\"\" class=\"wp-image-1799\" srcset=\"https:\/\/blsgruppe.com\/wp-content\/uploads\/2024\/07\/industriemotore_ersatzteile_start-1-1024x374-1.png 1001w, https:\/\/blsgruppe.com\/wp-content\/uploads\/2024\/07\/industriemotore_ersatzteile_start-1-1024x374-1-300x105.png 300w, https:\/\/blsgruppe.com\/wp-content\/uploads\/2024\/07\/industriemotore_ersatzteile_start-1-1024x374-1-768x268.png 768w\" sizes=\"auto, (max-width: 706px) 89vw, (max-width: 767px) 82vw, 740px\" \/><\/figure>\n\n\n\n<p>\u2026. and procure spare parts from various manufacturers, including for diesel and gas engines, agricultural machinery engines, construction machinery engines, marine engines, mining machinery engines, diesel locomotive engines, etc. <strong><a href=\"https:\/\/blsgruppe.com\/?page_id=429\">more<\/a><\/strong><\/p>\n\n\n\n<figure class=\"wp-block-image\"><img loading=\"lazy\" decoding=\"async\" width=\"1024\" height=\"139\" src=\"https:\/\/blsgruppe.com\/wp-content\/uploads\/2024\/07\/industriemotore_ersatzteile-1024x139-1.png\" alt=\"\" class=\"wp-image-1800\" srcset=\"https:\/\/blsgruppe.com\/wp-content\/uploads\/2024\/07\/industriemotore_ersatzteile-1024x139-1.png 1024w, https:\/\/blsgruppe.com\/wp-content\/uploads\/2024\/07\/industriemotore_ersatzteile-1024x139-1-300x41.png 300w, https:\/\/blsgruppe.com\/wp-content\/uploads\/2024\/07\/industriemotore_ersatzteile-1024x139-1-768x104.png 768w\" sizes=\"auto, (max-width: 706px) 89vw, (max-width: 767px) 82vw, 740px\" \/><\/figure>\n\n\n\n<h2 class=\"wp-block-heading\"><strong>Oil, gas and shipping industry<\/strong><\/h2>\n\n\n\n<figure class=\"wp-block-image\"><img loading=\"lazy\" decoding=\"async\" width=\"751\" height=\"501\" src=\"https:\/\/blsgruppe.com\/wp-content\/uploads\/2024\/01\/grossanlagen.jpg\" alt=\"\" class=\"wp-image-932\" srcset=\"https:\/\/blsgruppe.com\/wp-content\/uploads\/2024\/01\/grossanlagen.jpg 751w, https:\/\/blsgruppe.com\/wp-content\/uploads\/2024\/01\/grossanlagen-300x200.jpg 300w\" sizes=\"auto, (max-width: 706px) 89vw, (max-width: 767px) 82vw, 740px\" \/><\/figure>\n\n\n\n<p>Pipeline construction: We procure pipeline pipes, fittings and pipeline equipment, among other things. We take over the organization of entire procurement processes and enable you to participate successfully in international tenders <strong><a href=\"https:\/\/blsgruppe.com\/?page_id=2669\">more<\/a><\/strong><\/p>\n\n\n\n<p style=\"font-size:16px\">Whether pumps, cranes, oil platforms, oil drilling rigs, rig equipment, mud pumps, top drive or bop systems, marine automation, commercial ship equipment such as engines or special ships &#8211; we find and deliver worldwide.<\/p>\n\n\n\n<p><\/p>\n","protected":false},"excerpt":{"rendered":"<p>Vehicles, special purpose vehicles and accessories, machinery &amp; equipment, energy products Welcome to our internationally well-connected consulting, procurement and brokerage company based in Berlin. Would you like to contact us directly? Here you will find all details. Contact VEHICLES &amp; ACCESSORIES Vehicles and special vehicles We procure cars, trucks, commercial vehicles, cranes, construction vehicles, concrete &hellip; <\/p>\n<p class=\"link-more\"><a href=\"https:\/\/blsgruppe.com\/?page_id=14\" class=\"more-link\"><span class=\"screen-reader-text\">\u201eINDUSTRIES\u201c<\/span> weiterlesen<\/a><\/p>\n","protected":false},"author":1,"featured_media":0,"parent":0,"menu_order":0,"comment_status":"closed","ping_status":"closed","template":"","meta":{"footnotes":""},"class_list":["post-14","page","type-page","status-publish","hentry"],"_links":{"self":[{"href":"https:\/\/blsgruppe.com\/index.php?rest_route=\/wp\/v2\/pages\/14","targetHints":{"allow":["GET"]}}],"collection":[{"href":"https:\/\/blsgruppe.com\/index.php?rest_route=\/wp\/v2\/pages"}],"about":[{"href":"https:\/\/blsgruppe.com\/index.php?rest_route=\/wp\/v2\/types\/page"}],"author":[{"embeddable":true,"href":"https:\/\/blsgruppe.com\/index.php?rest_route=\/wp\/v2\/users\/1"}],"replies":[{"embeddable":true,"href":"https:\/\/blsgruppe.com\/index.php?rest_route=%2Fwp%2Fv2%2Fcomments&post=14"}],"version-history":[{"count":47,"href":"https:\/\/blsgruppe.com\/index.php?rest_route=\/wp\/v2\/pages\/14\/revisions"}],"predecessor-version":[{"id":3510,"href":"https:\/\/blsgruppe.com\/index.php?rest_route=\/wp\/v2\/pages\/14\/revisions\/3510"}],"wp:attachment":[{"href":"https:\/\/blsgruppe.com\/index.php?rest_route=%2Fwp%2Fv2%2Fmedia&parent=14"}],"curies":[{"name":"wp","href":"https:\/\/api.w.org\/{rel}","templated":true}]}}