{"id":1505,"date":"2024-05-17T16:15:39","date_gmt":"2024-05-17T16:15:39","guid":{"rendered":"https:\/\/blsgruppe.com\/?page_id=1505"},"modified":"2024-10-08T11:49:36","modified_gmt":"2024-10-08T11:49:36","slug":"betonfahrmischer","status":"publish","type":"page","link":"https:\/\/blsgruppe.com\/?page_id=1505","title":{"rendered":"BETONFAHRMISCHER"},"content":{"rendered":"\n<figure class=\"wp-block-image alignwide size-full\"><img loading=\"lazy\" decoding=\"async\" width=\"888\" height=\"532\" src=\"https:\/\/blsgruppe.com\/wp-content\/uploads\/2024\/06\/beton1.jpg\" alt=\"\" class=\"wp-image-1611\" srcset=\"https:\/\/blsgruppe.com\/wp-content\/uploads\/2024\/06\/beton1.jpg 888w, https:\/\/blsgruppe.com\/wp-content\/uploads\/2024\/06\/beton1-300x180.jpg 300w, https:\/\/blsgruppe.com\/wp-content\/uploads\/2024\/06\/beton1-768x460.jpg 768w\" sizes=\"auto, (max-width: 706px) 89vw, (max-width: 767px) 82vw, 740px\" \/><\/figure>\n\n\n\n<p style=\"font-size:16px\">Wir liefern und exportieren weltweit neuwertige, in Deutschland produzierte, 7m\u00b3, 9m\u00b3, 10m\u00b3 und 12m\u00b3 LKW-Betonmischer. Unter anderem auf Mercedes Arcos-, Iveco-, MAN-, Renault Trucks- und Volvo-Basis. Diverse Trailervarianten und station\u00e4re Betonmischer runden unser Sortiment ab.<\/p>\n\n\n\n<figure class=\"wp-block-gallery has-nested-images columns-default is-cropped wp-block-gallery-1 is-layout-flex wp-block-gallery-is-layout-flex\">\n<figure class=\"wp-block-image size-large\"><img loading=\"lazy\" decoding=\"async\" width=\"983\" height=\"704\" data-id=\"1616\" src=\"https:\/\/blsgruppe.com\/wp-content\/uploads\/2024\/06\/beton8.jpg\" alt=\"\" class=\"wp-image-1616\" srcset=\"https:\/\/blsgruppe.com\/wp-content\/uploads\/2024\/06\/beton8.jpg 983w, https:\/\/blsgruppe.com\/wp-content\/uploads\/2024\/06\/beton8-300x215.jpg 300w, https:\/\/blsgruppe.com\/wp-content\/uploads\/2024\/06\/beton8-768x550.jpg 768w\" sizes=\"auto, (max-width: 706px) 89vw, (max-width: 767px) 82vw, 740px\" \/><\/figure>\n\n\n\n<figure class=\"wp-block-image size-large\"><img loading=\"lazy\" decoding=\"async\" width=\"882\" height=\"617\" data-id=\"1614\" src=\"https:\/\/blsgruppe.com\/wp-content\/uploads\/2024\/06\/beton4.jpg\" alt=\"\" class=\"wp-image-1614\" srcset=\"https:\/\/blsgruppe.com\/wp-content\/uploads\/2024\/06\/beton4.jpg 882w, https:\/\/blsgruppe.com\/wp-content\/uploads\/2024\/06\/beton4-300x210.jpg 300w, https:\/\/blsgruppe.com\/wp-content\/uploads\/2024\/06\/beton4-768x537.jpg 768w\" sizes=\"auto, (max-width: 706px) 89vw, (max-width: 767px) 82vw, 740px\" \/><\/figure>\n\n\n\n<figure class=\"wp-block-image size-large\"><img loading=\"lazy\" decoding=\"async\" width=\"993\" height=\"720\" data-id=\"1615\" src=\"https:\/\/blsgruppe.com\/wp-content\/uploads\/2024\/06\/beton5.jpg\" alt=\"\" class=\"wp-image-1615\" srcset=\"https:\/\/blsgruppe.com\/wp-content\/uploads\/2024\/06\/beton5.jpg 993w, https:\/\/blsgruppe.com\/wp-content\/uploads\/2024\/06\/beton5-300x218.jpg 300w, https:\/\/blsgruppe.com\/wp-content\/uploads\/2024\/06\/beton5-768x557.jpg 768w\" sizes=\"auto, (max-width: 706px) 89vw, (max-width: 767px) 82vw, 740px\" \/><\/figure>\n\n\n\n<figure class=\"wp-block-image size-large\"><img loading=\"lazy\" decoding=\"async\" width=\"755\" height=\"591\" data-id=\"1613\" src=\"https:\/\/blsgruppe.com\/wp-content\/uploads\/2024\/06\/beton2.jpg\" alt=\"\" class=\"wp-image-1613\" srcset=\"https:\/\/blsgruppe.com\/wp-content\/uploads\/2024\/06\/beton2.jpg 755w, https:\/\/blsgruppe.com\/wp-content\/uploads\/2024\/06\/beton2-300x235.jpg 300w\" sizes=\"auto, (max-width: 706px) 89vw, (max-width: 767px) 82vw, 740px\" \/><\/figure>\n<\/figure>\n\n\n\n<p style=\"font-size:16px\">Neben Betonmischern liefern wir weitere Nutzfahrzeugaufbauten f\u00fcr die Beton- und Sch\u00fcttgut-Branche. Darunter Betonpumpen, Mischauflieger, Hinterkipper, Drei-Seiten-Kipper, Kippauflieger und Wechselsysteme.<\/p>\n\n\n\n<p style=\"font-size:16px\">Bitte setzen Sie sich f\u00fcr weitere Informationen mit uns in Verbindung.<\/p>\n\n\n\n<p class=\"has-medium-font-size\"><strong><a href=\"https:\/\/blsgruppe.com\/?page_id=84\" data-type=\"page\" data-id=\"84\" target=\"_blank\" rel=\"noreferrer noopener\">Kontakt<\/a><\/strong><\/p>\n","protected":false},"excerpt":{"rendered":"<p>Wir liefern und exportieren weltweit neuwertige, in Deutschland produzierte, 7m\u00b3, 9m\u00b3, 10m\u00b3 und 12m\u00b3 LKW-Betonmischer. Unter anderem auf Mercedes Arcos-, Iveco-, MAN-, Renault Trucks- und Volvo-Basis. Diverse Trailervarianten und station\u00e4re Betonmischer runden unser Sortiment ab. Neben Betonmischern liefern wir weitere Nutzfahrzeugaufbauten f\u00fcr die Beton- und Sch\u00fcttgut-Branche. Darunter Betonpumpen, Mischauflieger, Hinterkipper, Drei-Seiten-Kipper, Kippauflieger und Wechselsysteme. Bitte &hellip; <\/p>\n<p class=\"link-more\"><a href=\"https:\/\/blsgruppe.com\/?page_id=1505\" class=\"more-link\"><span class=\"screen-reader-text\">\u201eBETONFAHRMISCHER\u201c<\/span> weiterlesen<\/a><\/p>\n","protected":false},"author":1,"featured_media":0,"parent":0,"menu_order":0,"comment_status":"closed","ping_status":"closed","template":"","meta":{"footnotes":""},"class_list":["post-1505","page","type-page","status-publish","hentry"],"_links":{"self":[{"href":"https:\/\/blsgruppe.com\/index.php?rest_route=\/wp\/v2\/pages\/1505","targetHints":{"allow":["GET"]}}],"collection":[{"href":"https:\/\/blsgruppe.com\/index.php?rest_route=\/wp\/v2\/pages"}],"about":[{"href":"https:\/\/blsgruppe.com\/index.php?rest_route=\/wp\/v2\/types\/page"}],"author":[{"embeddable":true,"href":"https:\/\/blsgruppe.com\/index.php?rest_route=\/wp\/v2\/users\/1"}],"replies":[{"embeddable":true,"href":"https:\/\/blsgruppe.com\/index.php?rest_route=%2Fwp%2Fv2%2Fcomments&post=1505"}],"version-history":[{"count":12,"href":"https:\/\/blsgruppe.com\/index.php?rest_route=\/wp\/v2\/pages\/1505\/revisions"}],"predecessor-version":[{"id":2452,"href":"https:\/\/blsgruppe.com\/index.php?rest_route=\/wp\/v2\/pages\/1505\/revisions\/2452"}],"wp:attachment":[{"href":"https:\/\/blsgruppe.com\/index.php?rest_route=%2Fwp%2Fv2%2Fmedia&parent=1505"}],"curies":[{"name":"wp","href":"https:\/\/api.w.org\/{rel}","templated":true}]}}