{"id":2726,"date":"2024-10-16T18:24:14","date_gmt":"2024-10-16T18:24:14","guid":{"rendered":"https:\/\/blsgruppe.com\/?page_id=2726"},"modified":"2025-03-10T21:04:53","modified_gmt":"2025-03-10T21:04:53","slug":"energiespeichersysteme","status":"publish","type":"page","link":"https:\/\/blsgruppe.com\/?page_id=2726","title":{"rendered":"Energiespeichersysteme"},"content":{"rendered":"\n<figure class=\"wp-block-image size-full\"><img loading=\"lazy\" decoding=\"async\" width=\"779\" height=\"215\" src=\"https:\/\/blsgruppe.com\/wp-content\/uploads\/2024\/10\/speicher_neu2_lang.jpg\" alt=\"\" class=\"wp-image-2683\" srcset=\"https:\/\/blsgruppe.com\/wp-content\/uploads\/2024\/10\/speicher_neu2_lang.jpg 779w, https:\/\/blsgruppe.com\/wp-content\/uploads\/2024\/10\/speicher_neu2_lang-300x83.jpg 300w, https:\/\/blsgruppe.com\/wp-content\/uploads\/2024\/10\/speicher_neu2_lang-768x212.jpg 768w\" sizes=\"auto, (max-width: 706px) 89vw, (max-width: 767px) 82vw, 740px\" \/><\/figure>\n\n\n\n<h1 class=\"wp-block-heading\" style=\"font-size:16px\"><strong>Die Integration von Gro\u00dfspeichern\/ Energiespeichersystemen in die bestehende Infrastruktur bietet insbesondere in Verbindung mit Photovoltaik-Kraftwerken ein enormes Potenzial<\/strong><\/h1>\n\n\n\n<p>So kann deren Strom bedarfsgerecht und damit ertragsoptimiert in die Verbundnetze eingespeist werden. Dar\u00fcber hinaus k\u00f6nnen Gro\u00dfspeicher an ehemaligen Standorten konventioneller Kraftwerke errichtet und so die dort vorhandenen Netzanschl\u00fcsse weiter genutzt werden. <\/p>\n\n\n\n<h2 class=\"wp-block-heading\" style=\"font-size:16px\"><strong>Errichtung kommerzieller Energiespeichersysteme f\u00fcr Ihre Anforderungen und Bed\u00fcrfnisse <\/strong><\/h2>\n\n\n\n<p>Wir beschaffen kommerzielle Energiespeichersysteme verschiedener Gr\u00f6\u00dfenordnungen. Von kleineren Speicherschr\u00e4nken bis zu 20&#8243; und 40&#8243; Containersystemen, die kombiniert werden k\u00f6nnen (Beispiel: 1.075 MWh, Temperaturbereich -30 bis +60 Grad, Gr\u00f6\u00dfe: 6096x <em>2438x<\/em> 2896mm)<\/p>\n\n\n\n<p><strong><a href=\"https:\/\/blsgruppe.com\/?page_id=84\" data-type=\"page\" data-id=\"84\" target=\"_blank\" rel=\"noreferrer noopener\">KONTAKT<\/a><\/strong><\/p>\n\n\n\n<figure class=\"wp-block-image size-full\"><img loading=\"lazy\" decoding=\"async\" width=\"854\" height=\"816\" src=\"https:\/\/blsgruppe.com\/wp-content\/uploads\/2024\/10\/speichersysteme_container.jpg\" alt=\"\" class=\"wp-image-2733\" srcset=\"https:\/\/blsgruppe.com\/wp-content\/uploads\/2024\/10\/speichersysteme_container.jpg 854w, https:\/\/blsgruppe.com\/wp-content\/uploads\/2024\/10\/speichersysteme_container-300x287.jpg 300w, https:\/\/blsgruppe.com\/wp-content\/uploads\/2024\/10\/speichersysteme_container-768x734.jpg 768w\" sizes=\"auto, (max-width: 706px) 89vw, (max-width: 767px) 82vw, 740px\" \/><\/figure>\n\n\n\n<p>Gerne besprechen wir Ihre individuellen Anforderungen und k\u00f6nnen Ihnen bei Bedarf auch Finanzierungsvorschl\u00e4ge unterbreiten.<\/p>\n\n\n\n<p><strong><a href=\"https:\/\/blsgruppe.com\/?page_id=84\" data-type=\"page\" data-id=\"84\" target=\"_blank\" rel=\"noreferrer noopener\">KONTAKT<\/a><\/strong>: <\/p>\n\n\n\n<p>T: +49(0)309210444812<\/p>\n\n\n\n<p>WhatsApp \/ Telegram etc: +491791173621<\/p>\n\n\n\n<p><\/p>\n","protected":false},"excerpt":{"rendered":"<p>Die Integration von Gro\u00dfspeichern\/ Energiespeichersystemen in die bestehende Infrastruktur bietet insbesondere in Verbindung mit Photovoltaik-Kraftwerken ein enormes Potenzial So kann deren Strom bedarfsgerecht und damit ertragsoptimiert in die Verbundnetze eingespeist werden. Dar\u00fcber hinaus k\u00f6nnen Gro\u00dfspeicher an ehemaligen Standorten konventioneller Kraftwerke errichtet und so die dort vorhandenen Netzanschl\u00fcsse weiter genutzt werden. Errichtung kommerzieller Energiespeichersysteme f\u00fcr Ihre &hellip; <\/p>\n<p class=\"link-more\"><a href=\"https:\/\/blsgruppe.com\/?page_id=2726\" class=\"more-link\"><span class=\"screen-reader-text\">\u201eEnergiespeichersysteme\u201c<\/span> weiterlesen<\/a><\/p>\n","protected":false},"author":1,"featured_media":0,"parent":0,"menu_order":0,"comment_status":"closed","ping_status":"closed","template":"","meta":{"footnotes":""},"class_list":["post-2726","page","type-page","status-publish","hentry"],"_links":{"self":[{"href":"https:\/\/blsgruppe.com\/index.php?rest_route=\/wp\/v2\/pages\/2726","targetHints":{"allow":["GET"]}}],"collection":[{"href":"https:\/\/blsgruppe.com\/index.php?rest_route=\/wp\/v2\/pages"}],"about":[{"href":"https:\/\/blsgruppe.com\/index.php?rest_route=\/wp\/v2\/types\/page"}],"author":[{"embeddable":true,"href":"https:\/\/blsgruppe.com\/index.php?rest_route=\/wp\/v2\/users\/1"}],"replies":[{"embeddable":true,"href":"https:\/\/blsgruppe.com\/index.php?rest_route=%2Fwp%2Fv2%2Fcomments&post=2726"}],"version-history":[{"count":10,"href":"https:\/\/blsgruppe.com\/index.php?rest_route=\/wp\/v2\/pages\/2726\/revisions"}],"predecessor-version":[{"id":3400,"href":"https:\/\/blsgruppe.com\/index.php?rest_route=\/wp\/v2\/pages\/2726\/revisions\/3400"}],"wp:attachment":[{"href":"https:\/\/blsgruppe.com\/index.php?rest_route=%2Fwp%2Fv2%2Fmedia&parent=2726"}],"curies":[{"name":"wp","href":"https:\/\/api.w.org\/{rel}","templated":true}]}}