{"id":430,"date":"2023-10-03T13:48:36","date_gmt":"2023-10-03T13:48:36","guid":{"rendered":"https:\/\/blsgruppe.com\/?page_id=430"},"modified":"2024-12-28T14:46:24","modified_gmt":"2024-12-28T14:46:24","slug":"kraftwerke","status":"publish","type":"page","link":"https:\/\/blsgruppe.com\/?page_id=430","title":{"rendered":"Kraftwerke"},"content":{"rendered":"\n<figure class=\"wp-block-image\"><img decoding=\"async\" src=\"https:\/\/blsgruppe.de\/wp-content\/uploads\/2023\/08\/kraftwerk-1024x597.jpg\" alt=\"\" class=\"wp-image-2959\"\/><\/figure>\n\n\n\n<h1 class=\"wp-block-heading\" style=\"font-size:16px\"><strong>Gebrauchte und neuwertige Gaskraftwerke zu verkaufen<\/strong><\/h1>\n\n\n\n<p style=\"font-size:16px\">Erneuerbare Energien sind ein zeitgem\u00e4\u00dfer und nat\u00fcrlich immer wichtiger werdender Teil der Energieerzeugung. Trotzdem kann der derzeitige weltweite Energiebedarf damit bei weitem nicht gedeckt werden. <\/p>\n\n\n\n<h2 class=\"wp-block-heading\" style=\"font-size:16px\"><strong>Wir k\u00f6nnen Ihnen derzeit zwei gebrauchte Gaskraftwerke ( 2x 405MW ) mit Garantie, sowie ein neuwertiges, nie genutztes Gaskraftwerk (3x 605\/615MW) anbieten<\/strong>. <\/h2>\n\n\n\n<p style=\"font-size:16px\">Alle angebotenen Kraftwerke befinden sich in einem sehr guten technischen Zustand. Alle Dokumente \u00fcber die Instandhaltung, sowie die Revisionsb\u00fccher k\u00f6nnen eingesehen werden. <\/p>\n\n\n\n<p style=\"font-size:16px\">Weiteren Details erhalten Sie gerne auf Ihre qualifizierte Anfrage: <\/p>\n\n\n\n<p style=\"font-size:16px\"><a href=\"https:\/\/blsgruppe.de\/kontakt\/\" target=\"_blank\" rel=\"noreferrer noopener\"><strong>Kontakt<\/strong><\/a><\/p>\n\n\n\n<p style=\"font-size:16px\">Neben Gaskrakraftwerken k\u00f6nnen wir Ihnen auch <strong>Kohlekraftwerke<\/strong>, die auf den modernsten technischen Stand gebracht wurden, anbieten.<\/p>\n\n\n\n<h2 class=\"wp-block-heading\" style=\"font-size:16px\"><strong>Gebrauchtes Kohlekraftwerk (Steinkohle) im Top Zustand zu verkaufen<\/strong>:<\/h2>\n\n\n\n<p style=\"font-size:16px\">Komplettes Kohlekraftwerk, bestehend aus zwei Werken mit einer Leistung von 55MWel und 165 MWel zu verkaufen. Alle weiteren Details erhalten Sie auf Ihre qualifizierte Anfrage. Auf Wunsch sorgen wir nat\u00fcrlich auch f\u00fcr eine fachgerechte Demontage und weltweite Montage. <\/p>\n\n\n\n<p style=\"font-size:16px\"><a href=\"https:\/\/blsgruppe.de\/kontakt\/\" target=\"_blank\" rel=\"noreferrer noopener\"><strong>Kontakt<\/strong><\/a><\/p>\n\n\n\n<hr class=\"wp-block-separator has-alpha-channel-opacity\"\/>\n\n\n\n<h2 class=\"wp-block-heading\"><strong>Used and like-new coal and gas power plants for sale<\/strong><\/h2>\n\n\n\n<p style=\"font-size:16px\">Currently, we have several used gas power plants (ranging from 2x 405MW, 3x 605MW) as well as a never-used power plant available. All power plants offered by us are in very good technical condition. All maintenance documents, as well as inspection records, can be viewed.<\/p>\n\n\n\n<p>Further details are available upon your qualified inquiry.<\/p>\n\n\n\n<p>Furthermore, we can procure several coal power plants that have been upgraded to the latest technological standards.<\/p>\n\n\n\n<p>Of course, upon request, we can also provide expert worldwide dismantling and assembly.<\/p>\n\n\n\n<hr class=\"wp-block-separator has-alpha-channel-opacity\"\/>\n\n\n\n<h2 class=\"wp-block-heading\"><strong>Plantas de energ\u00eda de carb\u00f3n y gas usadas y seminuevas en venta<\/strong><\/h2>\n\n\n\n<p style=\"font-size:16px\">En la actualidad, tenemos varias plantas de energ\u00eda de gas usadas (con capacidades entre 2x 405MW, 3x 605MW), as\u00ed como una planta de energ\u00eda sin uso previo. Todas las plantas de energ\u00eda que ofrecemos se encuentran en muy buenas condiciones t\u00e9cnicas. Todos los documentos de mantenimiento, as\u00ed como los registros de inspecci\u00f3n, pueden ser revisados.<\/p>\n\n\n\n<p>M\u00e1s detalles est\u00e1n disponibles cuando realice su consulta calificada.<\/p>\n\n\n\n<p>Adem\u00e1s, podemos adquirir varias plantas de energ\u00eda de carb\u00f3n que han sido actualizadas a los est\u00e1ndares tecnol\u00f3gicos m\u00e1s recientes.<\/p>\n\n\n\n<p>Por supuesto, si as\u00ed lo desea, tambi\u00e9n podemos encargarnos de desmontajes y montajes expertos en todo el mundo.<\/p>\n\n\n\n<hr class=\"wp-block-separator has-alpha-channel-opacity\"\/>\n\n\n\n<h2 class=\"wp-block-heading\"><strong>Centrales \u00e9lectriques \u00e0 charbon et \u00e0 gaz d\u2019occasion et quasi-neuves \u00e0 vendre<\/strong><\/h2>\n\n\n\n<p style=\"font-size:16px\">Actuellement, nous disposons de plusieurs centrales \u00e9lectriques \u00e0 gaz d\u2019occasion (d\u2019une capacit\u00e9 allant de 2x 405MW, 3x 605MW) ainsi qu\u2019une centrale \u00e9lectrique jamais utilis\u00e9e. Toutes les centrales \u00e9lectriques que nous proposons sont en tr\u00e8s bon \u00e9tat technique. Tous les documents de maintenance, ainsi que les registres d\u2019inspection, peuvent \u00eatre consult\u00e9s.<\/p>\n\n\n\n<p>Plus de d\u00e9tails sont disponibles sur demande qualifi\u00e9e.<\/p>\n\n\n\n<p>De plus, nous pouvons fournir plusieurs centrales \u00e9lectriques \u00e0 charbon qui ont \u00e9t\u00e9 modernis\u00e9es selon les normes technologiques les plus r\u00e9centes.<\/p>\n\n\n\n<p>Bien entendu, sur demande, nous pouvons \u00e9galement assurer le d\u00e9montage et le montage expert dans le monde entier.<\/p>\n\n\n\n<hr class=\"wp-block-separator has-alpha-channel-opacity\"\/>\n\n\n\n<h2 class=\"wp-block-heading\"><strong>\u041f\u0440\u043e\u0434\u0430\u044e\u0442\u0441\u044f \u043f\u043e\u0434\u0435\u0440\u0436\u0430\u043d\u043d\u044b\u0435 \u0438 \u043f\u0440\u0430\u043a\u0442\u0438\u0447\u0435\u0441\u043a\u0438 \u043d\u043e\u0432\u044b\u0435 \u0443\u0433\u043e\u043b\u044c\u043d\u044b\u0435 \u0438 \u0433\u0430\u0437\u043e\u0432\u044b\u0435 \u044d\u043b\u0435\u043a\u0442\u0440\u043e\u0441\u0442\u0430\u043d\u0446\u0438\u0438<\/strong><\/h2>\n\n\n\n<p style=\"font-size:16px\">\u0412 \u043d\u0430\u0441\u0442\u043e\u044f\u0449\u0435\u0435 \u0432\u0440\u0435\u043c\u044f \u0443 \u043d\u0430\u0441 \u0435\u0441\u0442\u044c \u043d\u0435\u0441\u043a\u043e\u043b\u044c\u043a\u043e \u043f\u043e\u0434\u0435\u0440\u0436\u0430\u043d\u043d\u044b\u0445 \u0433\u0430\u0437\u043e\u0432\u044b\u0445 \u044d\u043b\u0435\u043a\u0442\u0440\u043e\u0441\u0442\u0430\u043d\u0446\u0438\u0439 (\u043c\u043e\u0449\u043d\u043e\u0441\u0442\u044c\u044e \u043e\u0442 2x 405MW \u0438 3x 605 \u041c\u0412\u0442), \u0430 \u0442\u0430\u043a\u0436\u0435 \u043d\u0438\u043a\u043e\u0433\u0434\u0430 \u043d\u0435 \u0438\u0441\u043f\u043e\u043b\u044c\u0437\u043e\u0432\u0430\u0432\u0448\u0430\u044f\u0441\u044f \u044d\u043b\u0435\u043a\u0442\u0440\u043e\u0441\u0442\u0430\u043d\u0446\u0438\u044f. \u0412\u0441\u0435 \u044d\u043b\u0435\u043a\u0442\u0440\u043e\u0441\u0442\u0430\u043d\u0446\u0438\u0438, \u043f\u0440\u0435\u0434\u043b\u0430\u0433\u0430\u0435\u043c\u044b\u0435 \u043d\u0430\u043c\u0438, \u043d\u0430\u0445\u043e\u0434\u044f\u0442\u0441\u044f \u0432 \u043e\u0447\u0435\u043d\u044c \u0445\u043e\u0440\u043e\u0448\u0435\u043c \u0442\u0435\u0445\u043d\u0438\u0447\u0435\u0441\u043a\u043e\u043c \u0441\u043e\u0441\u0442\u043e\u044f\u043d\u0438\u0438. \u0412\u0441\u0435 \u0434\u043e\u043a\u0443\u043c\u0435\u043d\u0442\u044b \u043f\u043e \u0442\u0435\u0445\u043d\u0438\u0447\u0435\u0441\u043a\u043e\u043c\u0443 \u043e\u0431\u0441\u043b\u0443\u0436\u0438\u0432\u0430\u043d\u0438\u044e, \u0430 \u0442\u0430\u043a\u0436\u0435 \u0437\u0430\u043f\u0438\u0441\u0438 \u0438\u043d\u0441\u043f\u0435\u043a\u0446\u0438\u0439, \u043c\u043e\u0433\u0443\u0442 \u0431\u044b\u0442\u044c \u043f\u0440\u043e\u0441\u043c\u043e\u0442\u0440\u0435\u043d\u044b.<\/p>\n\n\n\n<p>\u0414\u043e\u043f\u043e\u043b\u043d\u0438\u0442\u0435\u043b\u044c\u043d\u044b\u0435 \u0434\u0435\u0442\u0430\u043b\u0438 \u0434\u043e\u0441\u0442\u0443\u043f\u043d\u044b \u043f\u043e \u0432\u0430\u0448\u0435\u043c\u0443 \u043a\u0432\u0430\u043b\u0438\u0444\u0438\u0446\u0438\u0440\u043e\u0432\u0430\u043d\u043d\u043e\u043c\u0443 \u0437\u0430\u043f\u0440\u043e\u0441\u0443.<\/p>\n\n\n\n<p style=\"font-size:16px\">\u041a\u0440\u043e\u043c\u0435 \u0442\u043e\u0433\u043e, \u043c\u044b \u043c\u043e\u0436\u0435\u043c \u043f\u043e\u0441\u0442\u0430\u0432\u0438\u0442\u044c \u043d\u0435\u0441\u043a\u043e\u043b\u044c\u043a\u043e \u0443\u0433\u043e\u043b\u044c\u043d\u044b\u0445 \u044d\u043b\u0435\u043a\u0442\u0440\u043e\u0441\u0442\u0430\u043d\u0446\u0438\u0439, \u043a\u043e\u0442\u043e\u0440\u044b\u0435 \u0431\u044b\u043b\u0438 \u043c\u043e\u0434\u0435\u0440\u043d\u0438\u0437\u0438\u0440\u043e\u0432\u0430\u043d\u044b \u0432 \u0441\u043e\u043e\u0442\u0432\u0435\u0442\u0441\u0442\u0432\u0438\u0438 \u0441 \u043f\u043e\u0441\u043b\u0435\u0434\u043d\u0438\u043c\u0438 \u0442\u0435\u0445\u043d\u043e\u043b\u043e\u0433\u0438\u0447\u0435\u0441\u043a\u0438\u043c\u0438 \u0441\u0442\u0430\u043d\u0434\u0430\u0440\u0442\u0430\u043c\u0438.<\/p>\n\n\n\n<p>\u0415\u0441\u0442\u0435\u0441\u0442\u0432\u0435\u043d\u043d\u043e, \u043f\u043e \u0437\u0430\u043f\u0440\u043e\u0441\u0443 \u043c\u044b \u0442\u0430\u043a\u0436\u0435 \u043c\u043e\u0436\u0435\u043c \u043e\u0440\u0433\u0430\u043d\u0438\u0437\u043e\u0432\u0430\u0442\u044c \u044d\u043a\u0441\u043f\u0435\u0440\u0442\u043d\u044b\u0439 \u0434\u0435\u043c\u043e\u043d\u0442\u0430\u0436 \u0438 \u043c\u043e\u043d\u0442\u0430\u0436 \u0432 \u043b\u044e\u0431\u043e\u0439 \u0442\u043e\u0447\u043a\u0435 \u043c\u0438\u0440\u0430.<\/p>\n\n\n\n<hr class=\"wp-block-separator has-alpha-channel-opacity\"\/>\n\n\n\n<h2 class=\"wp-block-heading\">\u0645\u062d\u0637\u0627\u062a \u0637\u0627\u0642\u0629 \u0627\u0644\u0641\u062d\u0645 \u0648\u0627\u0644\u063a\u0627\u0632 \u0627\u0644\u0645\u0633\u062a\u0639\u0645\u0644\u0629 \u0648\u0627\u0644\u062c\u062f\u064a\u062f\u0629 \u062a\u064f\u0639\u0631\u0636 \u0644\u0644\u0628\u064a\u0639<\/h2>\n\n\n\n<p>\u062d\u0627\u0644\u064a\u0627\u064b\u060c \u0644\u062f\u064a\u0646\u0627 \u0627\u0644\u0639\u062f\u064a\u062f \u0645\u0646 \u0645\u062d\u0637\u0627\u062a \u0627\u0644\u0637\u0627\u0642\u0629 \u0627\u0644\u0645\u0633\u062a\u0639\u0645\u0644\u0629 \u0644\u0644\u063a\u0627\u0632 (\u062a\u062a\u0631\u0627\u0648\u062d \u0628\u064a\u0646 75 \u0648 100 \u0645\u064a\u062c\u0627\u0648\u0627\u0637 \u0648 205 \u0645\u064a\u062c\u0627\u0648\u0627\u0637) \u0628\u0627\u0644\u0625\u0636\u0627\u0641\u0629 \u0625\u0644\u0649 \u0645\u062d\u0637\u0629 \u0637\u0627\u0642\u0629 \u0644\u0645 \u062a\u0633\u062a\u062e\u062f\u0645 \u0645\u0646 \u0642\u0628\u0644. \u062c\u0645\u064a\u0639 \u0645\u062d\u0637\u0627\u062a \u0627\u0644\u0637\u0627\u0642\u0629 \u0627\u0644\u062a\u064a \u0646\u0642\u062f\u0645\u0647\u0627 \u0641\u064a \u062d\u0627\u0644\u0629 \u0641\u0646\u064a\u0629 \u062c\u064a\u062f\u0629 \u062c\u062f\u0627\u064b. \u062c\u0645\u064a\u0639 \u0648\u062b\u0627\u0626\u0642 \u0627\u0644\u0635\u064a\u0627\u0646\u0629\u060c \u0628\u0627\u0644\u0625\u0636\u0627\u0641\u0629 \u0625\u0644\u0649 \u0633\u062c\u0644\u0627\u062a \u0627\u0644\u0641\u062d\u0635\u060c \u064a\u0645\u0643\u0646 \u0627\u0644\u0627\u0637\u0644\u0627\u0639 \u0639\u0644\u064a\u0647\u0627.<\/p>\n\n\n\n<p>\u0645\u0632\u064a\u062f \u0645\u0646 \u0627\u0644\u062a\u0641\u0627\u0635\u064a\u0644 \u0645\u062a\u0627\u062d\u0629 \u0628\u0646\u0627\u0621\u064b \u0639\u0644\u0649 \u0627\u0633\u062a\u0641\u0633\u0627\u0631\u0643 \u0627\u0644\u0645\u0624\u0647\u0644.<\/p>\n\n\n\n<p>\u0639\u0644\u0627\u0648\u0629 \u0639\u0644\u0649 \u0630\u0644\u0643\u060c \u064a\u0645\u0643\u0646\u0646\u0627 \u062a\u0648\u0641\u064a\u0631 \u0639\u062f\u0629 \u0645\u062d\u0637\u0627\u062a \u0644\u062a\u0648\u0644\u064a\u062f \u0627\u0644\u0637\u0627\u0642\u0629 \u0645\u0646 \u0627\u0644\u0641\u062d\u0645 \u062a\u0645 \u062a\u062d\u062f\u064a\u062b\u0647\u0627 \u0644\u062a\u062a\u0648\u0627\u0641\u0642 \u0645\u0639 \u0623\u062d\u062f\u062b \u0627\u0644\u0645\u0639\u0627\u064a\u064a\u0631 \u0627\u0644\u062a\u0643\u0646\u0648\u0644\u0648\u062c\u064a\u0629.<\/p>\n\n\n\n<p>\u0628\u0627\u0644\u0637\u0628\u0639\u060c \u064a\u0645\u0643\u0646\u0646\u0627 \u0623\u064a\u0636\u0627\u064b\u060c \u062d\u0633\u0628 \u0627\u0644\u0637\u0644\u0628\u060c \u062a\u0648\u0641\u064a\u0631 \u0641\u0643 \u0648\u062a\u0631\u0643\u064a\u0628 \u0645\u062d\u062a\u0631\u0641 \u062d\u0648\u0644 \u0627\u0644\u0639\u0627\u0644\u0645.<\/p>\n","protected":false},"excerpt":{"rendered":"<p>Gebrauchte und neuwertige Gaskraftwerke zu verkaufen Erneuerbare Energien sind ein zeitgem\u00e4\u00dfer und nat\u00fcrlich immer wichtiger werdender Teil der Energieerzeugung. Trotzdem kann der derzeitige weltweite Energiebedarf damit bei weitem nicht gedeckt werden. Wir k\u00f6nnen Ihnen derzeit zwei gebrauchte Gaskraftwerke ( 2x 405MW ) mit Garantie, sowie ein neuwertiges, nie genutztes Gaskraftwerk (3x 605\/615MW) anbieten. Alle angebotenen &hellip; <\/p>\n<p class=\"link-more\"><a href=\"https:\/\/blsgruppe.com\/?page_id=430\" class=\"more-link\"><span class=\"screen-reader-text\">\u201eKraftwerke\u201c<\/span> weiterlesen<\/a><\/p>\n","protected":false},"author":1,"featured_media":0,"parent":0,"menu_order":0,"comment_status":"closed","ping_status":"closed","template":"","meta":{"footnotes":""},"class_list":["post-430","page","type-page","status-publish","hentry"],"_links":{"self":[{"href":"https:\/\/blsgruppe.com\/index.php?rest_route=\/wp\/v2\/pages\/430","targetHints":{"allow":["GET"]}}],"collection":[{"href":"https:\/\/blsgruppe.com\/index.php?rest_route=\/wp\/v2\/pages"}],"about":[{"href":"https:\/\/blsgruppe.com\/index.php?rest_route=\/wp\/v2\/types\/page"}],"author":[{"embeddable":true,"href":"https:\/\/blsgruppe.com\/index.php?rest_route=\/wp\/v2\/users\/1"}],"replies":[{"embeddable":true,"href":"https:\/\/blsgruppe.com\/index.php?rest_route=%2Fwp%2Fv2%2Fcomments&post=430"}],"version-history":[{"count":9,"href":"https:\/\/blsgruppe.com\/index.php?rest_route=\/wp\/v2\/pages\/430\/revisions"}],"predecessor-version":[{"id":3076,"href":"https:\/\/blsgruppe.com\/index.php?rest_route=\/wp\/v2\/pages\/430\/revisions\/3076"}],"wp:attachment":[{"href":"https:\/\/blsgruppe.com\/index.php?rest_route=%2Fwp%2Fv2%2Fmedia&parent=430"}],"curies":[{"name":"wp","href":"https:\/\/api.w.org\/{rel}","templated":true}]}}